{"id":32,"date":"2018-02-17T12:30:38","date_gmt":"2018-02-17T11:30:38","guid":{"rendered":"http:\/\/www.bourgogne-savante.fr\/?page_id=32"},"modified":"2025-11-09T12:06:07","modified_gmt":"2025-11-09T11:06:07","slug":"societes-membres","status":"publish","type":"page","link":"https:\/\/www.bourgogne-savante.fr\/index.php\/societes-membres\/","title":{"rendered":"Soci\u00e9t\u00e9s membres"},"content":{"rendered":"\n<div class=\"wp-block-buttons is-content-justification-center is-layout-flex wp-container-core-buttons-is-layout-16018d1d wp-block-buttons-is-layout-flex\">\n<div class=\"wp-block-button\"><a class=\"wp-block-button__link has-background has-small-font-size has-custom-font-size wp-element-button\" href=\"#CO\" style=\"background-color:#660033\">C\u00f4te-d&rsquo;Or<\/a><\/div>\n\n\n\n<div class=\"wp-block-button\"><a class=\"wp-block-button__link has-background has-small-font-size has-custom-font-size wp-element-button\" href=\"#Ni\u00e8vre\" style=\"background-color:#660033\">Ni\u00e8vre<\/a><\/div>\n\n\n\n<div class=\"wp-block-button\"><a class=\"wp-block-button__link has-background has-small-font-size has-custom-font-size wp-element-button\" href=\"#SL\" style=\"background-color:#660033\">Sa\u00f4ne-et-Loire<\/a><\/div>\n\n\n\n<div class=\"wp-block-button\"><a class=\"wp-block-button__link has-background has-small-font-size has-custom-font-size wp-element-button\" href=\"#Yonne\" style=\"background-color:#660033\">Yonne<\/a><\/div>\n\n\n\n<div class=\"wp-block-button\"><a class=\"wp-block-button__link has-background has-small-font-size has-custom-font-size wp-element-button\" href=\"#HM\" style=\"background-color:#660033\">Haute-Marne<\/a><\/div>\n\n\n\n<div class=\"wp-block-button\"><a class=\"wp-block-button__link has-background has-small-font-size has-custom-font-size wp-element-button\" href=\"#Ain\" style=\"background-color:#660033\">Ain<\/a><\/div>\n<\/div>\n\n\n\n<div style=\"height:40px\" aria-hidden=\"true\" class=\"wp-block-spacer\"><\/div>\n\n\n\n<h2 style=\"font-family:Gadugi;color:#660033;margin-top:20px;margin-bottom:20px;\" id=\"CO\"><a href=\"https:\/\/rosalis.bibliotheque.toulouse.fr\/ark:\/12148\/btv1b10571893n?rk=21459;2\" target=\"_blank\" rel=\"noopener\"><img decoding=\"async\" src=\"https:\/\/www.bourgogne-savante.fr\/wp-content\/uploads\/2018\/02\/B315556101_A_LEVASSEUR_024_screen.jpg\" align=\"left\" width=\"450px\" height=\"297px\" style=\"padding-right:30px;\" alt=\"Levasseur, Victor. D\u00e9partement de la C\u00f4te-d'Or. 1854 \/ Ville de Toulouse, Biblioth\u00e8que d'\u00c9tude et du Patrimoine-Rosalis, Mf. 5\" title=\"Levasseur, Victor. D\u00e9partement de la C\u00f4te-d'Or. 1854 \/ Ville de Toulouse, Biblioth\u00e8que d'\u00c9tude et du Patrimoine-Rosalis, Mf. 5\"><\/a>C\u00f4te-d&rsquo;Or<\/h2>\n<ul style=\"list-style-type:square;font-family:Gadugi;padding-left:20px;margin-bottom:40px;\">\n<li>Arnay-le-Duc &#8211; Amis du pays d&rsquo;Arnay<\/li>\n<li>Beaune &#8211; <a href=\"https:\/\/cbehblog.wordpress.com\/\" target=\"_blank\" rel=\"noopener noreferrer\">Centre beaunois d\u2019\u00e9tudes historiques &#8211; Soci\u00e9t\u00e9 d\u2019histoire et d\u2019arch\u00e9ologie de Beaune<\/a><\/li>\n<li>Beaune &#8211; <a href=\"http:\/\/www.chvv.fr\" target=\"_blank\" rel=\"noopener noreferrer\">Centre d&rsquo;histoire de la vigne et du vin<\/a><\/li>\n<li>Ch\u00e2tillon-sur-Seine &#8211; <a href=\"http:\/\/sahc21.org\/\" target=\"_blank\" rel=\"noopener\">Soci\u00e9t\u00e9 arch\u00e9ologique et historique du Ch\u00e2tillonnais<\/a><\/li>\n<li>Ch\u00e2tillon-sur-Seine &#8211; <a target=\"_blank\" href=\"https:\/\/amisvictorinedechastenay.fr\/\">Soci\u00e9t\u00e9 historique des ami(e)s de Victorine de Chastenay<\/a><\/li>\n<li>Dijon &#8211; <a href=\"http:\/\/www.academie-sabl-dijon.org\/\" target=\"_blank\" rel=\"noopener noreferrer\">Acad\u00e9mie des sciences, arts et belles lettres de Dijon<\/a><\/li>\n<li>Dijon &#8211; <a href=\"http:\/\/dijon-patrimoine.blogspot.fr\/\" target=\"_blank\" rel=\"noopener noreferrer\">Association pour le renouveau du vieux Dijon<\/a><\/li>\n<li>Dijon &#8211; Comit\u00e9 d\u00e9partemental pour l\u2019histoire de la R\u00e9volution en C\u00f4te-d\u2019Or<\/li>\n<li>Dijon &#8211; <a href=\"https:\/\/www.amis-musees-dijon.fr\/\" target=\"_blank\" rel=\"noopener noreferrer\">Soci\u00e9t\u00e9 des amis des mus\u00e9es de Dijon<\/a><\/li>\n<li>Dijon &#8211; Soci\u00e9t\u00e9 des Annales de Bourgogne<\/li>\n<li>Dijon &#8211; <a href=\"http:\/\/histoiredroit.u-bourgogne.fr\/#\" target=\"_blank\" rel=\"noopener noreferrer\">Soci\u00e9t\u00e9 pour l\u2019histoire du droit et des institutions des anciens pays bourguignons, comtois et romands<\/a><\/li>\n<li>Is-sur-Tille &#8211; <a href=\"https:\/\/www.histoire-tille-ignon.fr\/\" target=\"_blank\" rel=\"noopener noreferrer\">Soci\u00e9t\u00e9 d&rsquo;histoire Tille-Ignon<\/a><\/li>\n<li>Nuits-Saint-Georges &#8211; <a href=\"http:\/\/www.tastevin-bourgogne.com\/fr\/\" target=\"_blank\" rel=\"noopener noreferrer\">Confr\u00e9rie des chevaliers du tastevin<\/a><\/li>\n<li>Saint-Romain &#8211; Association de recherche et d&rsquo;\u00e9tudes d&rsquo;histoire rurale<\/li>\n<li>Saulieu &#8211; Les amis du vieux Saulieu<\/li>\n<li>Semur-en-Auxois &#8211; <a href=\"http:\/\/www.socscisem.org\/\" target=\"_blank\" rel=\"noopener noreferrer\">Soci\u00e9t\u00e9 des sciences historiques et naturelles de Semur-en-Auxois<\/a><\/li>\n<\/ul>\n\n\n\n<hr class=\"wp-block-separator has-text-color has-alpha-channel-opacity has-background is-style-wide\" style=\"background-color:#660033;color:#660033\"\/>\n\n\n\n<h2 style=\"font-family:Gadugi;color:#660033;margin-top:40px;margin-bottom:20px;\" id=\"Ni\u00e8vre\"><a href=\"https:\/\/rosalis.bibliotheque.toulouse.fr\/ark:\/12148\/btv1b105719306?rk=21459;2\" target=\"_blank\" rel=\"noopener\"><img decoding=\"async\" src=\"https:\/\/www.bourgogne-savante.fr\/wp-content\/uploads\/2018\/02\/B315556101_A_LEVASSEUR_061_screen.jpg\" align=\"left\" width=\"450px\" height=\"310px\" style=\"padding-right:30px;\" alt=\"Levasseur, Victor. D\u00e9partement de la Ni\u00e8vre. 1854 \/ Ville de Toulouse, Biblioth\u00e8que d'\u00c9tude et du Patrimoine-Rosalis, Mf. 5\" title=\"Levasseur, Victor. D\u00e9partement de la Ni\u00e8vre. 1854 \/ Ville de Toulouse, Biblioth\u00e8que d'\u00c9tude et du Patrimoine-Rosalis, Mf. 5\"><\/a>Ni\u00e8vre<\/h2>\n<ul style=\"padding-left:20px;list-style-type:square;font-family:Gadugi;margin-bottom:40px;\">\n<li>Ch\u00e2teau-Chinon &#8211; <a href=\"https:\/\/academie-du-morvan.org\/\" target=\"_blank\" rel=\"noopener noreferrer\">Acad\u00e9mie du Morvan<\/a><\/li>\n<li>Clamecy &#8211; <a href=\"https:\/\/www.facebook.com\/Societescientifiquedeclamecy\/?locale=fr_FR\" target=\"_blank\" rel=\"noopener noreferrer\">Soci\u00e9t\u00e9 scientifique et artistique de Clamecy<\/a><\/li>\n<li>Cosne-Cours-sur-Loire &#8211; <a href=\"https:\/\/www.museedelaloire.fr\/amis-du-musee\/\" target=\"_blank\" rel=\"noopener noreferrer\">Amis du mus\u00e9e et du patrimoine<\/a><\/li>\n<li>Cosne-Cours-sur-Loire &#8211; Groupe arch\u00e9ologique Condate<\/li>\n<li>Gu\u00e9rigny &#8211; <a href=\"https:\/\/museeforgesetmarines.fr\/asso\/\" target=\"_blank\" rel=\"noopener\">Association des amis du vieux Gu\u00e9rigny<\/a><\/li>\n<li>Nevers &#8211; <a href=\"https:\/\/camosine.fr\/\" target=\"_blank\" rel=\"noopener\">Camosine (Caisse pour les monuments et les sites de la Ni\u00e8vre)<\/a><\/li>\n<li>Nevers &#8211; <a href=\"https:\/\/www.societe-academique-du-nivernais.fr\" target=\"_blank\" rel=\"noopener\">Soci\u00e9t\u00e9 acad\u00e9mique du Nivernais<\/a> (consulter aussi les <a href=\"https:\/\/www.bourgogne-savante.fr\/index.php\/societes-membres\/societe-academique-du-nivernais\/\" target=\"_blank\" rel=\"noopener\">tables des <i>M\u00e9moires de la Soci\u00e9t\u00e9 acad\u00e9mique du Nivernais<\/i><\/a>)<\/li>\n<li>Nevers &#8211; <a href=\"https:\/\/www.facebook.com\/people\/Mus%C3%A9e-de-la-Porte-du-Croux-Soci%C3%A9t%C3%A9-Nivernaise-des-Lettres-Sciences-et-Arts\/100064703047647\/?fref=ts\" target=\"_blank\" rel=\"noopener\">Soci\u00e9t\u00e9 nivernaise des lettres, sciences et arts<\/a><\/li>\n<\/ul>\n\n\n\n<hr class=\"wp-block-separator has-text-color has-alpha-channel-opacity has-background is-style-wide\" style=\"background-color:#660033;color:#660033\"\/>\n\n\n\n<h2 style=\"font-family:Gadugi;color:#660033;margin-top:40px;margin-bottom:20px;\" id=\"SL\"><a href=\"https:\/\/rosalis.bibliotheque.toulouse.fr\/ark:\/12148\/btv1b10571942h?rk=21459;2\" target=\"_blank\" rel=\"noopener\"><img loading=\"lazy\" decoding=\"async\" src=\"https:\/\/www.bourgogne-savante.fr\/wp-content\/uploads\/2018\/02\/B315556101_A_LEVASSEUR_073_screen.jpg\" align=\"left\" width=\"450\" height=\"310\" style=\"padding-right:30px;\" alt=\"Levasseur, Victor. D\u00e9partement de Sa\u00f4ne-et-Loire. 1854 \/ Ville de Toulouse, Biblioth\u00e8que d'\u00c9tude et du Patrimoine-Rosalis, Mf. 5\" title=\"Levasseur, Victor. D\u00e9partement de Sa\u00f4ne-et-Loire. 1854 \/ Ville de Toulouse, Biblioth\u00e8que d'\u00c9tude et du Patrimoine-Rosalis, Mf. 5\"><\/a>Sa\u00f4ne-et-Loire<\/h2>\n<ul style=\"padding-left:20px;list-style-type:square;font-family:Gadugi;margin-bottom:40px;\">\n<li>Autun &#8211; Soci\u00e9t\u00e9 \u00e9duenne des sciences, arts et belles lettres<\/li>\n<li>Autun &#8211; <a href=\"https:\/\/www.shna-ofab.fr\/\" target=\"_blank\" rel=\"noopener noreferrer\">Soci\u00e9t\u00e9 d\u2019histoire naturelle d&rsquo;Autun<\/a><\/li>\n<li>Chalon-sur-Sa\u00f4ne &#8211; <a href=\"https:\/\/www.shac71.fr\/\" target=\"_blank\" rel=\"noopener\">Soci\u00e9t\u00e9 d\u2019histoire et d\u2019arch\u00e9ologie de Chalon-sur-Sa\u00f4ne<\/a><\/li>\n<li>Gueugnon &#8211; <a href=\"https:\/\/lesamisdudardon.blogspot.com\/\" target=\"_blank\" rel=\"noopener noreferrer\">Amis du Dardon<\/a><\/li>\n<li>Le Creusot &#8211; <a href=\"https:\/\/www.afbourdon.com\/\" target=\"_blank\" rel=\"noopener\">Acad\u00e9mie Fran\u00e7ois Bourdon<\/a><\/li>\n<li>M\u00e2con &#8211; <a href=\"http:\/\/www.academiedemacon.fr\/\" target=\"_blank\" rel=\"noopener noreferrer\">Acad\u00e9mie de M\u00e2con<\/a><\/li>\n<li>M\u00e2con &#8211; <a href=\"http:\/\/archeologiemacon.free.fr\/\" target=\"_blank\" rel=\"noopener noreferrer\">Groupement arch\u00e9ologique du M\u00e2connais<\/a><\/li>\n<li>M\u00e2con &#8211; <a href=\"https:\/\/semina-macon.com\/\" target=\"_blank\" rel=\"noopener\">Soci\u00e9t\u00e9 d\u2019\u00e9tudes du milieu naturel du M\u00e2connais<\/a><\/li>\n<li>M\u00e2con &#8211; <a href=\"https:\/\/www.histoire-macon.fr\/\" target=\"_blank\" rel=\"noopener\">Soci\u00e9t\u00e9 d&rsquo;\u00e9tudes m\u00e2connaises<\/a><\/li>\n<li>Montceau-les-Mines &#8211; <a href=\"http:\/\/www.physiophile.fr\/\" target=\"_blank\" rel=\"noopener noreferrer\">La Physiophile, soci\u00e9t\u00e9 d\u2019\u00e9tude des sciences<\/a><\/li>\n<li>Paray-le-Monial &#8211; <a href=\"http:\/\/amis-basilique-paray.fr\/\" target=\"_blank\" rel=\"noopener noreferrer\">Amis de la basilique romane de Paray-le-Monial<\/a><\/li>\n<li>Saint-Christophe-en-Brionnais &#8211; <a href=\"https:\/\/www.charolais-brionnais.net\/\" target=\"_blank\" rel=\"noopener noreferrer\">Centre international d\u2019\u00e9tudes des patrimoines culturels du Charolais-Brionnais<\/a><\/li>\n<li>Saint-Sernin-du-Plain &#8211; Soci\u00e9t\u00e9 d\u2019histoire de Saint-Sernin<\/li>\n<li>Tournus &#8211; <a href=\"http:\/\/www.art-roman.org\/\" target=\"_blank\" rel=\"noopener noreferrer\">Centre international d\u2019\u00e9tudes romanes<\/a><\/li>\n<li>Tournus &#8211; <a href=\"https:\/\/saast.fr\/\" target=\"_blank\" rel=\"noopener noreferrer\">Soci\u00e9t\u00e9 des amis des arts et des sciences de Tournus<\/a><\/li>\n<li>Verdun-sur-le-Doubs &#8211; <a href=\"https:\/\/www.facebook.com\/gehv71\/?locale=fr_FR\" target=\"_blank\" rel=\"noopener noreferrer\">Groupe d\u2019\u00e9tudes historiques de Verdun-sur-le-Doubs<\/a><\/li>\n<\/ul>\n\n\n\n<hr class=\"wp-block-separator has-text-color has-alpha-channel-opacity has-background is-style-wide\" style=\"background-color:#660033;color:#660033\"\/>\n\n\n\n<h2 style=\"font-family:Gadugi;color:#660033;margin-top:40px;margin-bottom:20px;\" id=\"Yonne\"><a href=\"https:\/\/rosalis.bibliotheque.toulouse.fr\/ark:\/12148\/btv1b10571958m?rk=21459;2\" target=\"_blank\" rel=\"noopener\"><img loading=\"lazy\" decoding=\"async\" src=\"https:\/\/www.bourgogne-savante.fr\/wp-content\/uploads\/2018\/02\/B315556101_A_LEVASSEUR_089_screen.jpg\" align=\"left\" width=\"450\" height=\"380\" style=\"padding-right:30px;\" alt=\"Levasseur, Victor. D\u00e9partement de l'Yonne. 1854 \/ Ville de Toulouse, Biblioth\u00e8que d'\u00c9tude et du Patrimoine-Rosalis, Mf. 5\" title=\"Levasseur, Victor. D\u00e9partement de l'Yonne. 1854 \/ Ville de Toulouse, Biblioth\u00e8que d'\u00c9tude et du Patrimoine-Rosalis, Mf. 5\"><\/a>Yonne<\/h2>\n<ul style=\"padding-left:20px;list-style-type:square;font-family:Gadugi;margin-bottom:40px;\">\n<li>Auxerre &#8211; <a href=\"http:\/\/www.sfay.org\/\" target=\"_blank\" rel=\"noopener noreferrer\">Soci\u00e9t\u00e9 des fouilles arch\u00e9ologiques et des monuments historiques de l\u2019Yonne<\/a><\/li>\n<li>Auxerre &#8211; <a href=\"http:\/\/www.sshny.org\/\" target=\"_blank\" rel=\"noopener noreferrer\">Soci\u00e9t\u00e9 des sciences historiques et naturelles de l\u2019Yonne<\/a><\/li>\n<li>Auxerre &#8211; <a href=\"https:\/\/www.facebook.com\/sgyonne\/?locale=fr_FR\" target=\"_blank\" rel=\"noopener noreferrer\">Soci\u00e9t\u00e9 g\u00e9n\u00e9alogique de l\u2019Yonne<\/a> (consulter aussi la <a href=\"https:\/\/www.bourgogne-savante.fr\/wp-content\/uploads\/Publications-de-la-Societe-genealogique-de-l-Yonne.docx\" target=\"_blank\" rel=\"noopener\">liste des publications de la Soci\u00e9t\u00e9 g\u00e9n\u00e9alogique de l&rsquo;Yonne imprimables en ligne \u00e0 l&rsquo;unit\u00e9<\/a>)<\/li>\n<li>Auxerre &#8211; Soci\u00e9t\u00e9 Paul Bert<\/li>\n<li>Avallon &#8211; <a href=\"https:\/\/seavallon.wifeosite.com\/\" target=\"_blank\" rel=\"noopener\">Soci\u00e9t\u00e9 d\u2019\u00e9tudes d\u2019Avallon<\/a><\/li>\n<li>Joigny &#8211; <a href=\"https:\/\/acejoigny.fr\/\" target=\"_blank\" rel=\"noopener\">Association culturelle et d\u2019\u00e9tudes de Joigny<\/a><\/li>\n<li>Saint-Maurice-aux-Riches-Hommes &#8211; Amis de la chapelle de Villeneuve-aux-Riches-Hommes<\/li>\n<li>Saint-Sauveur-en-Puisaye &#8211; <a href=\"http:\/\/www.amisdecolette.fr\/\" target=\"_blank\" rel=\"noopener noreferrer\">Soci\u00e9t\u00e9 des amis de Colette<\/a><\/li>\n<li>Sens &#8211; <a href=\"https:\/\/www.archeo-sens.org\/\" target=\"_blank\" rel=\"noopener noreferrer\">Soci\u00e9t\u00e9 arch\u00e9ologique de Sens<\/a><\/li>\n<li>Tonnerre &#8211; <a href=\"https:\/\/www.facebook.com\/p\/Soci%C3%A9t%C3%A9-dArch%C3%A9ologie-et-dHistoire-du-Tonnerrois-SAHT-100065051136388\/?locale=fr_FR\" target=\"_blank\" rel=\"noopener noreferrer\">Soci\u00e9t\u00e9 d\u2019arch\u00e9ologie et d\u2019histoire du Tonnerrois<\/a><\/li>\n<li>Toucy &#8211; <a href=\"https:\/\/associationvieuxtoucy.jimdofree.com\/l-association\/\" target=\"_blank\" rel=\"noopener\">Association d\u2019\u00e9tude, de recherche et de protection du vieux Toucy<\/a><\/li>\n<li>V\u00e9zelay &#8211; Association des amis de V\u00e9zelay<\/li>\n<li>Villeneuve-sur-Yonne &#8211; <a href=\"https:\/\/amivv.wordpress.com\/\" target=\"_blank\" rel=\"noopener noreferrer\">Les Amis du vieux Villeneuve-sur-Yonne<\/a><\/li>\n<\/ul>\n\n\n\n<hr class=\"wp-block-separator has-text-color has-alpha-channel-opacity has-background is-style-wide\" style=\"background-color:#660033;color:#660033\"\/>\n\n\n\n<div class=\"wp-block-columns is-layout-flex wp-container-core-columns-is-layout-9d6595d7 wp-block-columns-is-layout-flex\">\n<div class=\"wp-block-column is-layout-flow wp-block-column-is-layout-flow\">\n<h2 style=\"font-family:Gadugi;color:#660033;text-align:center;margin-bottom:20px;\" id=\"HM\">Haute-Marne<\/h2>\n<ul style=\"margin-bottom:10px;padding-left:20px;list-style-type:square;font-family:Gadugi;\">\n<li>Chaumont &#8211; <a href=\"http:\/\/cahiershautmarnais.hautetfort.com\/\" target=\"_blank\" rel=\"noopener noreferrer\">Amis des Cahiers Haut-Marnais<\/a><\/li>\n<li>Langres &#8211; <a href=\"https:\/\/www.facebook.com\/ShalLangres\/\" target=\"_blank\" rel=\"noopener\">Soci\u00e9t\u00e9 historique et arch\u00e9ologique de Langres<\/a><\/li>\n<\/ul>\n<\/div>\n\n\n\n<div class=\"wp-block-column is-layout-flow wp-block-column-is-layout-flow\">\n<h2 style=\"font-family:Gadugi;color:#660033;text-align:center;margin-bottom:20px;\" id=\"Ain\">Ain<\/h2>\n<ul style=\"padding-left:20px;list-style-type:square;font-family:Gadugi;\">\n<li>Belley &#8211; <a href=\"https:\/\/www.lebugey.org\/\" target=\"_blank\" rel=\"noopener\">Le Bugey. Soci\u00e9t\u00e9 historique, culturelle et scientifique<\/a><\/li>\n<li>Bourg-en-Bresse &#8211; <a href=\"https:\/\/www.societe-emulationain.fr\/\" target=\"_blank\" rel=\"noopener\">Soci\u00e9t\u00e9 d&rsquo;\u00e9mulation de l&rsquo;Ain<\/a><\/li>\n<\/ul>\n<\/div>\n<\/div>\n\n\n\n<div class=\"wp-block-columns is-layout-flex wp-container-core-columns-is-layout-9d6595d7 wp-block-columns-is-layout-flex\">\n<div class=\"wp-block-column is-layout-flow wp-block-column-is-layout-flow\"><div class=\"wp-block-image\">\n<figure class=\"aligncenter size-full is-resized\"><a href=\"https:\/\/rosalis.bibliotheque.toulouse.fr\/ark:\/12148\/btv1b10571924k?rk=21459;2\" target=\"_blank\" rel=\"noreferrer noopener\"><img loading=\"lazy\" decoding=\"async\" width=\"335\" height=\"500\" src=\"https:\/\/www.bourgogne-savante.fr\/wp-content\/uploads\/2018\/02\/B315556101_A_LEVASSEUR_055_screen.jpg\" alt=\"Levasseur, Victor. D\u00e9partement de la Haute-Marne. 1854 \/ Ville de Toulouse, Biblioth\u00e8que d'\u00c9tude et du Patrimoine-Rosalis, Mf. 5\" class=\"wp-image-82\" style=\"width:251px;height:375px\" title=\"Levasseur, Victor. D\u00e9partement de la Haute-Marne. 1854 \/ Ville de Toulouse, Biblioth\u00e8que d'\u00c9tude et du Patrimoine-Rosalis, Mf. 5\" srcset=\"https:\/\/www.bourgogne-savante.fr\/wp-content\/uploads\/2018\/02\/B315556101_A_LEVASSEUR_055_screen.jpg 335w, https:\/\/www.bourgogne-savante.fr\/wp-content\/uploads\/2018\/02\/B315556101_A_LEVASSEUR_055_screen-201x300.jpg 201w\" sizes=\"auto, (max-width: 335px) 85vw, 335px\" \/><\/a><\/figure>\n<\/div><\/div>\n\n\n\n<div class=\"wp-block-column is-layout-flow wp-block-column-is-layout-flow\"><div class=\"wp-block-image\">\n<figure class=\"aligncenter size-large\"><a href=\"https:\/\/rosalis.bibliotheque.toulouse.fr\/ark:\/12148\/btv1b105718748?rk=21459;2\" target=\"_blank\" rel=\"noreferrer noopener\"><img loading=\"lazy\" decoding=\"async\" width=\"1024\" height=\"691\" src=\"https:\/\/www.bourgogne-savante.fr\/wp-content\/uploads\/2018\/02\/D\u00e9partement-de-lAin-1024x691.jpg\" alt=\"Levasseur, Victor. D\u00e9partement de l'Ain. 1854 \/ Ville de Toulouse, Biblioth\u00e8que d'\u00c9tude et du Patrimoine-Rosalis, Mf. 5\" class=\"wp-image-90\" title=\"Levasseur, Victor. D\u00e9partement de l'Ain. 1854 \/ Ville de Toulouse, Biblioth\u00e8que d'\u00c9tude et du Patrimoine-Rosalis, Mf. 5\" srcset=\"https:\/\/www.bourgogne-savante.fr\/wp-content\/uploads\/2018\/02\/D\u00e9partement-de-lAin-1024x691.jpg 1024w, https:\/\/www.bourgogne-savante.fr\/wp-content\/uploads\/2018\/02\/D\u00e9partement-de-lAin-300x202.jpg 300w, https:\/\/www.bourgogne-savante.fr\/wp-content\/uploads\/2018\/02\/D\u00e9partement-de-lAin-768x518.jpg 768w\" sizes=\"auto, (max-width: 709px) 85vw, (max-width: 909px) 67vw, (max-width: 1362px) 62vw, 840px\" \/><\/a><\/figure>\n<\/div><\/div>\n<\/div>\n\n\n\n<p style=\"font-family:Gadugi;text-align:center;font-size:12px;margin-top:-30px;color:#686868;\"><i>Levasseur, Victor. <i>Atlas national illustr\u00e9 des 86 D\u00e9partements et des possessions de la France divis\u00e9 par arrondissements, cantons et communes, avec le trac\u00e9 de toutes les routes, chemins de fer et canaux<\/i>. Paris : A. Combette, 1854. Planches des d\u00e9partements de la C\u00f4te-d&rsquo;Or, de la Ni\u00e8vre, de Sa\u00f4ne-et-Loire, de l&rsquo;Yonne, de la Haute-Marne et de l&rsquo;Ain.<br>Ville de Toulouse, Biblioth\u00e8que d&rsquo;\u00c9tude et du Patrimoine-Rosalis, Mf. 5<\/i><\/p>\n","protected":false},"excerpt":{"rendered":"<p>C\u00f4te-d&rsquo;Or Arnay-le-Duc &#8211; Amis du pays d&rsquo;Arnay Beaune &#8211; Centre beaunois d\u2019\u00e9tudes historiques &#8211; Soci\u00e9t\u00e9 d\u2019histoire et d\u2019arch\u00e9ologie de Beaune Beaune &#8211; Centre d&rsquo;histoire de la vigne et du vin Ch\u00e2tillon-sur-Seine &#8211; Soci\u00e9t\u00e9 arch\u00e9ologique et historique du Ch\u00e2tillonnais Ch\u00e2tillon-sur-Seine &#8211; Soci\u00e9t\u00e9 historique des ami(e)s de Victorine de Chastenay Dijon &#8211; Acad\u00e9mie des sciences, arts et &hellip; <a href=\"https:\/\/www.bourgogne-savante.fr\/index.php\/societes-membres\/\" class=\"more-link\">Continuer la lecture<span class=\"screen-reader-text\"> de &laquo;&nbsp;Soci\u00e9t\u00e9s membres&nbsp;&raquo;<\/span><\/a><\/p>\n","protected":false},"author":1,"featured_media":0,"parent":0,"menu_order":0,"comment_status":"closed","ping_status":"closed","template":"","meta":{"footnotes":""},"class_list":["post-32","page","type-page","status-publish","hentry"],"_links":{"self":[{"href":"https:\/\/www.bourgogne-savante.fr\/index.php\/wp-json\/wp\/v2\/pages\/32","targetHints":{"allow":["GET"]}}],"collection":[{"href":"https:\/\/www.bourgogne-savante.fr\/index.php\/wp-json\/wp\/v2\/pages"}],"about":[{"href":"https:\/\/www.bourgogne-savante.fr\/index.php\/wp-json\/wp\/v2\/types\/page"}],"author":[{"embeddable":true,"href":"https:\/\/www.bourgogne-savante.fr\/index.php\/wp-json\/wp\/v2\/users\/1"}],"replies":[{"embeddable":true,"href":"https:\/\/www.bourgogne-savante.fr\/index.php\/wp-json\/wp\/v2\/comments?post=32"}],"version-history":[{"count":116,"href":"https:\/\/www.bourgogne-savante.fr\/index.php\/wp-json\/wp\/v2\/pages\/32\/revisions"}],"predecessor-version":[{"id":5641,"href":"https:\/\/www.bourgogne-savante.fr\/index.php\/wp-json\/wp\/v2\/pages\/32\/revisions\/5641"}],"wp:attachment":[{"href":"https:\/\/www.bourgogne-savante.fr\/index.php\/wp-json\/wp\/v2\/media?parent=32"}],"curies":[{"name":"wp","href":"https:\/\/api.w.org\/{rel}","templated":true}]}}