{"id":36,"date":"2018-02-17T12:31:28","date_gmt":"2018-02-17T11:31:28","guid":{"rendered":"http:\/\/www.bourgogne-savante.fr\/?page_id=36"},"modified":"2025-11-17T16:12:10","modified_gmt":"2025-11-17T15:12:10","slug":"colloques","status":"publish","type":"page","link":"https:\/\/www.bourgogne-savante.fr\/index.php\/colloques\/","title":{"rendered":"Colloques ABSS"},"content":{"rendered":"\n<p style=\"font-family:Gadugi;font-size:18px;\">Le 35<sup>e<\/sup> colloque de l&rsquo;ABSS aura lieu du vendredi 16 au dimanche 18 octobre 2026, \u00e0 Montceau-les-Mines, sur le th\u00e8me <i>Enfance et \u00e9ducation en Bourgogne<\/i>. Il sera organis\u00e9 par la Physiophile.<br>Consulter l&rsquo;<a href=\"https:\/\/www.bourgogne-savante.fr\/wp-content\/uploads\/Colloque-ABSS-2026-appel-a-communication-version-3.pdf\" target=\"blank\">appel \u00e0 communication<\/a> (propositions \u00e0 adresser avant le 1<sup>er<\/sup> mai 2026)<\/p>\n<p style=\"font-family:Gadugi;font-size:18px;\">Les actes du 33<sup>e<\/sup> colloque sur le th\u00e8me <i>La Bourgogne dans de beaux draps. Histoire du textile en Bourgogne, de la fibre au chiffon<\/i> ont \u00e9t\u00e9 publi\u00e9s.<br>Consulter la <a href=\"https:\/\/www.bourgogne-savante.fr\/index.php\/publications\/tablesdesmatieresdesactes\/colloque33\/\" target=\"_blank\">table des mati\u00e8res<\/a><\/p>\n\n <hr class=\"wp-block-separator has-text-color has-alpha-channel-opacity has-background is-style-wide\" style=\"background-color:#660033;color:#660033\"\/>   <h2 class=\"wp-block-heading\" style=\"font-family:Gadugi;color:#660033;margin-top:30px;margin-bottom:30px;\">Colloques pr\u00e9c\u00e9dents de l&rsquo;ABSS<\/h2>   <div class=\"wp-block-columns is-layout-flex wp-container-core-columns-is-layout-9d6595d7 wp-block-columns-is-layout-flex\"> <div class=\"wp-block-column is-layout-flow wp-block-column-is-layout-flow\"> <a href=\"https:\/\/www.bourgogne-savante.fr\/index.php\/colloques\/liste\/\"><p style=\"font-family:Gadugi;background-color:#660033;color:#FFFFFF;font-size:20px;text-align:center;margin-bottom:0px;padding-top:15px;padding-bottom:15px;\">Liste des congr\u00e8s et colloques de l&rsquo;ABSS<\/p><\/a> <figure class=\"wp-block-image size-full\"><a href=\"https:\/\/www.bourgogne-savante.fr\/index.php\/colloques\/liste\/\"><img decoding=\"async\" src=\"https:\/\/www.bourgogne-savante.fr\/wp-content\/uploads\/ABSS-banniere-colloque-2.jpg\" alt=\"\" class=\"wp-image-3113\"\/><\/a><\/figure> <\/div>   <div class=\"wp-block-column is-layout-flow wp-block-column-is-layout-flow\"> <a href=\"https:\/\/www.bourgogne-savante.fr\/index.php\/publications\/tablesdesmatieresdesactes\/\"><p style=\"font-family:Gadugi;background-color:#660033;color:#FFFFFF;font-size:20px;text-align:center;margin-bottom:0px;padding-top:15px;padding-bottom:15px;\">Tables des mati\u00e8res des actes (depuis 2000)<\/p><\/a><figure class=\"wp-block-image size-full\"><a href=\"https:\/\/www.bourgogne-savante.fr\/index.php\/publications\/tablesdesmatieresdesactes\/\"><img decoding=\"async\" src=\"https:\/\/www.bourgogne-savante.fr\/wp-content\/uploads\/ABSS-banniere-tables-1.jpg\" alt=\"\" class=\"wp-image-3114\"\/><\/a><\/figure> <\/div> <\/div> ","protected":false},"excerpt":{"rendered":"<p>Le 35e colloque de l&rsquo;ABSS aura lieu du vendredi 16 au dimanche 18 octobre 2026, \u00e0 Montceau-les-Mines, sur le th\u00e8me Enfance et \u00e9ducation en Bourgogne. Il sera organis\u00e9 par la Physiophile.Consulter l&rsquo;appel \u00e0 communication (propositions \u00e0 adresser avant le 1er mai 2026) Les actes du 33e colloque sur le th\u00e8me La Bourgogne dans de beaux &hellip; <a href=\"https:\/\/www.bourgogne-savante.fr\/index.php\/colloques\/\" class=\"more-link\">Continuer la lecture<span class=\"screen-reader-text\"> de &laquo;&nbsp;Colloques ABSS&nbsp;&raquo;<\/span><\/a><\/p>\n","protected":false},"author":1,"featured_media":0,"parent":0,"menu_order":0,"comment_status":"closed","ping_status":"closed","template":"","meta":{"footnotes":""},"class_list":["post-36","page","type-page","status-publish","hentry"],"_links":{"self":[{"href":"https:\/\/www.bourgogne-savante.fr\/index.php\/wp-json\/wp\/v2\/pages\/36","targetHints":{"allow":["GET"]}}],"collection":[{"href":"https:\/\/www.bourgogne-savante.fr\/index.php\/wp-json\/wp\/v2\/pages"}],"about":[{"href":"https:\/\/www.bourgogne-savante.fr\/index.php\/wp-json\/wp\/v2\/types\/page"}],"author":[{"embeddable":true,"href":"https:\/\/www.bourgogne-savante.fr\/index.php\/wp-json\/wp\/v2\/users\/1"}],"replies":[{"embeddable":true,"href":"https:\/\/www.bourgogne-savante.fr\/index.php\/wp-json\/wp\/v2\/comments?post=36"}],"version-history":[{"count":121,"href":"https:\/\/www.bourgogne-savante.fr\/index.php\/wp-json\/wp\/v2\/pages\/36\/revisions"}],"predecessor-version":[{"id":5877,"href":"https:\/\/www.bourgogne-savante.fr\/index.php\/wp-json\/wp\/v2\/pages\/36\/revisions\/5877"}],"wp:attachment":[{"href":"https:\/\/www.bourgogne-savante.fr\/index.php\/wp-json\/wp\/v2\/media?parent=36"}],"curies":[{"name":"wp","href":"https:\/\/api.w.org\/{rel}","templated":true}]}}