{"id":401,"date":"2018-02-25T13:50:51","date_gmt":"2018-02-25T12:50:51","guid":{"rendered":"http:\/\/www.bourgogne-savante.fr\/?page_id=401"},"modified":"2024-01-02T11:54:05","modified_gmt":"2024-01-02T10:54:05","slug":"colloque12","status":"publish","type":"page","link":"https:\/\/www.bourgogne-savante.fr\/index.php\/publications\/tablesdesmatieresdesactes\/colloque12\/","title":{"rendered":"Actes du 12e colloque de l&rsquo;ABSS &#8211; Table des mati\u00e8res"},"content":{"rendered":"\n<div class=\"wp-block-media-text alignwide is-stacked-on-mobile\" style=\"grid-template-columns:25% auto\"><figure class=\"wp-block-media-text__media\"><img loading=\"lazy\" decoding=\"async\" width=\"288\" height=\"448\" src=\"https:\/\/www.bourgogne-savante.fr\/wp-content\/uploads\/2018\/02\/Colloque-ABSS-2002.jpg\" alt=\"Actes du 12e colloque de l'ABSS\" class=\"wp-image-560 size-full\" srcset=\"https:\/\/www.bourgogne-savante.fr\/wp-content\/uploads\/2018\/02\/Colloque-ABSS-2002.jpg 288w, https:\/\/www.bourgogne-savante.fr\/wp-content\/uploads\/2018\/02\/Colloque-ABSS-2002-96x150.jpg 96w, https:\/\/www.bourgogne-savante.fr\/wp-content\/uploads\/2018\/02\/Colloque-ABSS-2002-193x300.jpg 193w\" sizes=\"auto, (max-width: 288px) 85vw, 288px\" \/><\/figure><div class=\"wp-block-media-text__content\">\n<p style=\"font-family:Gadugi;font-size:18px;\"><i>Permanences et ruptures dans le monde rural du Moyen Age \u00e0 l&rsquo;\u00e9poque contemporaine<\/i>, Actes du 12<sup>e<\/sup> colloque de l&rsquo;Association bourguignonne des soci\u00e9t\u00e9s savantes, Saint-Christophe-en-Brionnais (12-13 octobre 2002), Dijon, Association bourguignonne des soci\u00e9t\u00e9s savantes, Saint-Christophe-en-Brionnais, Centre international d&rsquo;\u00e9tudes des patrimoines culturels en Charolais-Brionnais, 2004, 226&nbsp;p.<\/p>\n<\/div><\/div>\n\n\n\n<hr class=\"wp-block-separator has-text-color has-alpha-channel-opacity has-background is-style-wide\" style=\"background-color:#660033;color:#660033\"\/>\n\n\n\n<p style=\"font-family:Gadugi;margin-bottom:10px;\">\u00ab&nbsp;Le douzi\u00e8me colloque de l&rsquo;ABSS&nbsp;\u00bb, p.&nbsp;5-7.<\/p>\n<p style=\"font-family:Gadugi;margin-bottom:10px;margin-top:0px;\">DONTENWILL (Serge), \u00ab&nbsp;Le poids des structures traditionnelles et les signes de transformation dans les campagnes fran\u00e7aises \u00e0 l&rsquo;\u00e9poque moderne (XVII<sup>e<\/sup>-XVIII<sup>e<\/sup> si\u00e8cles)&nbsp;\u00bb, p.&nbsp;9-33.<\/p>\n<p style=\"font-family:Gadugi;margin-bottom:10px;margin-top:0px;\">VAN EECKHOUT (G\u00e9rard), \u00ab&nbsp;La mise en place des r\u00e9seaux monastiques en Brionnais au Moyen Age&nbsp;\u00bb, p.&nbsp;35-50.<\/p>\n<p style=\"font-family:Gadugi;margin-bottom:10px;margin-top:0px;\">MOUILLEBOUCHE (Herv\u00e9), \u00ab&nbsp;Permanences et ruptures dans le monde rural : l&rsquo;apport de la castellologie&nbsp;\u00bb, p.&nbsp;51-66.<\/p>\n<p style=\"font-family:Gadugi;margin-bottom:10px;margin-top:0px;\">PEPKE-DURIX (Hannelore), \u00ab&nbsp;Les campagnes de la r\u00e9gion dijonnaise dans la crise du Moyen Age finissant&nbsp;\u00bb, p.&nbsp;67-90.<\/p>\n<p style=\"font-family:Gadugi;margin-bottom:10px;margin-top:0px;\">BABEY (Marcellin), \u00ab&nbsp;Influence du droit dans l&rsquo;architecture vernaculaire : l&rsquo;exemple des chemin\u00e9es centrales du XV<sup>e<\/sup> au XVIII<sup>e<\/sup> si\u00e8cle&nbsp;\u00bb, p.&nbsp;91-98.<\/p>\n<p style=\"font-family:Gadugi;margin-bottom:10px;margin-top:0px;\">DELSALLE (Paul), \u00ab&nbsp;Granges et maisons paysannes dans le comt\u00e9 de Bourgogne ou \u00ab\u00a0Franche-Comt\u00e9\u00a0\u00bb (1500-1634). De la structure monumentale \u00e0 la structure sociale&nbsp;\u00bb, p.&nbsp;99-124.<\/p>\n<p style=\"font-family:Gadugi;margin-bottom:10px;margin-top:0px;\">DURIX (Pierre), \u00ab&nbsp;La r\u00e9ussite des marchands-emboucheurs du Brionnais au XVIII<sup>e<\/sup> si\u00e8cle&nbsp;\u00bb, p.&nbsp;125-139.<\/p>\n<p style=\"font-family:Gadugi;margin-bottom:10px;margin-top:0px;\">BODINEAU (Pierre), \u00ab&nbsp;Les innovations dans l&rsquo;agriculture \u00e0 la fin de l&rsquo;Ancien R\u00e9gime. La place de la Bourgogne&nbsp;\u00bb, p.&nbsp;141-154.<\/p>\n<p style=\"font-family:Gadugi;margin-bottom:10px;margin-top:0px;\">DUPONT (Jacques), \u00ab&nbsp;Le flottage des bois du Morvan \u00e0 l&rsquo;\u00e9poque r\u00e9volutionnaire&nbsp;\u00bb, p.&nbsp;155-166.<\/p>\n<p style=\"font-family:Gadugi;margin-bottom:10px;margin-top:0px;\">RICHARD (Hugues), \u00ab&nbsp;La situation de l&rsquo;\u00e9levage et de l&#8217;embouche d&rsquo;apr\u00e8s les rapports du juge de paix du canton de Semur-en-Brionnais Claude Fricaud (1858-1864)&nbsp;\u00bb, p.&nbsp;167-182.<\/p>\n<p style=\"font-family:Gadugi;margin-bottom:10px;margin-top:0px;\">GONOD (Philippe), \u00ab&nbsp;Les assurances mutuelles-b\u00e9tail en Sa\u00f4ne-et-Loire avant 1914&nbsp;\u00bb, p.&nbsp;183-194.<\/p>\n<p style=\"font-family:Gadugi;margin-bottom:10px;margin-top:0px;\">BLETON-RUGET (Annie), \u00ab&nbsp;La politique des pays : permanences et ruptures dans les espaces ruraux. Le cas bourguignon&nbsp;\u00bb, p.&nbsp;195-207.<\/p>\n<p style=\"font-family:Gadugi;margin-bottom:10px;margin-top:0px;\">Liste des communications non publi\u00e9es, p.&nbsp;209.<\/p>\n<p style=\"font-family:Gadugi;margin-bottom:10px;margin-top:0px;\">MORICEAU (Jean-Marc), \u00ab&nbsp;En guise de conclusion : le changement dans la continuit\u00e9 ?&nbsp;\u00bb, p.&nbsp;211-214.<\/p>\n<p style=\"font-family:Gadugi;margin-top:0px;\">Liste des communications de la section d&rsquo;histoire du droit et des institutions, p.&nbsp;215.<\/p>\n\n\n\n<hr class=\"wp-block-separator has-text-color has-alpha-channel-opacity has-background is-style-wide\" style=\"background-color:#660033;color:#660033\"\/>\n\n\n\n<p style=\"font-family:Gadugi;margin-bottom:50px;\">Volume disponible, 31.30&nbsp;\u20ac (frais de port compris) &#8211; <a href=\"https:\/\/www.bourgogne-savante.fr\/wp-content\/uploads\/ABSSbondecommande.pdf\" target=\"_blank\" rel=\"noopener noreferrer\">Commander<\/a><\/p>\n\n\n\n<div class=\"wp-block-buttons is-content-justification-center is-layout-flex wp-container-core-buttons-is-layout-16018d1d wp-block-buttons-is-layout-flex\">\n<div class=\"wp-block-button has-custom-font-size has-small-font-size\"><a class=\"wp-block-button__link has-background wp-element-button\" href=\"https:\/\/www.bourgogne-savante.fr\/index.php\/publications\/tablesdesmatieresdesactes\/colloque11\/\" style=\"background-color:#660033\"><< Colloque pr\u00e9c\u00e9dent<\/a><\/div>\n\n\n\n<div class=\"wp-block-button has-custom-font-size has-small-font-size\"><a class=\"wp-block-button__link has-background wp-element-button\" href=\"https:\/\/www.bourgogne-savante.fr\/index.php\/publications\/tablesdesmatieresdesactes\/\" style=\"background-color:#660033\">Retour \u00e0 la liste des tables des mati\u00e8res<\/a><\/div>\n\n\n\n<div class=\"wp-block-button has-custom-font-size has-small-font-size\"><a class=\"wp-block-button__link has-background wp-element-button\" href=\"https:\/\/www.bourgogne-savante.fr\/index.php\/publications\/tablesdesmatieresdesactes\/colloque13\/\" style=\"background-color:#660033\">Colloque suivant >><\/a><\/div>\n<\/div>\n","protected":false},"excerpt":{"rendered":"<p>Permanences et ruptures dans le monde rural du Moyen Age \u00e0 l&rsquo;\u00e9poque contemporaine, Actes du 12e colloque de l&rsquo;Association bourguignonne des soci\u00e9t\u00e9s savantes, Saint-Christophe-en-Brionnais (12-13 octobre 2002), Dijon, Association bourguignonne des soci\u00e9t\u00e9s savantes, Saint-Christophe-en-Brionnais, Centre international d&rsquo;\u00e9tudes des patrimoines culturels en Charolais-Brionnais, 2004, 226&nbsp;p. \u00ab&nbsp;Le douzi\u00e8me colloque de l&rsquo;ABSS&nbsp;\u00bb, p.&nbsp;5-7. DONTENWILL (Serge), \u00ab&nbsp;Le poids des &hellip; <a href=\"https:\/\/www.bourgogne-savante.fr\/index.php\/publications\/tablesdesmatieresdesactes\/colloque12\/\" class=\"more-link\">Continuer la lecture<span class=\"screen-reader-text\"> de &laquo;&nbsp;Actes du 12e colloque de l&rsquo;ABSS &#8211; Table des mati\u00e8res&nbsp;&raquo;<\/span><\/a><\/p>\n","protected":false},"author":1,"featured_media":0,"parent":219,"menu_order":0,"comment_status":"closed","ping_status":"closed","template":"","meta":{"footnotes":""},"class_list":["post-401","page","type-page","status-publish","hentry"],"_links":{"self":[{"href":"https:\/\/www.bourgogne-savante.fr\/index.php\/wp-json\/wp\/v2\/pages\/401","targetHints":{"allow":["GET"]}}],"collection":[{"href":"https:\/\/www.bourgogne-savante.fr\/index.php\/wp-json\/wp\/v2\/pages"}],"about":[{"href":"https:\/\/www.bourgogne-savante.fr\/index.php\/wp-json\/wp\/v2\/types\/page"}],"author":[{"embeddable":true,"href":"https:\/\/www.bourgogne-savante.fr\/index.php\/wp-json\/wp\/v2\/users\/1"}],"replies":[{"embeddable":true,"href":"https:\/\/www.bourgogne-savante.fr\/index.php\/wp-json\/wp\/v2\/comments?post=401"}],"version-history":[{"count":20,"href":"https:\/\/www.bourgogne-savante.fr\/index.php\/wp-json\/wp\/v2\/pages\/401\/revisions"}],"predecessor-version":[{"id":4477,"href":"https:\/\/www.bourgogne-savante.fr\/index.php\/wp-json\/wp\/v2\/pages\/401\/revisions\/4477"}],"up":[{"embeddable":true,"href":"https:\/\/www.bourgogne-savante.fr\/index.php\/wp-json\/wp\/v2\/pages\/219"}],"wp:attachment":[{"href":"https:\/\/www.bourgogne-savante.fr\/index.php\/wp-json\/wp\/v2\/media?parent=401"}],"curies":[{"name":"wp","href":"https:\/\/api.w.org\/{rel}","templated":true}]}}

Actes du 12e colloque de l&rsquo;ABSS &#8211; Table des matières

<div class="wp-block-media-text alignwide is-stacked-on-mobile" style="grid-template-columns:25% auto"><figure class="wp-block-media-text__media"><img loading="lazy" decoding="async" width="288" height="448" src="https://www.bourgogne-savante.fr/wp-content/uploads/2018/02/Colloque-ABSS-2002.jpg" alt="Actes du 12e colloque de l'ABSS" class="wp-image-560 size-full" srcset="https://www.bourgogne-savante.fr/wp-content/uploads/2018/02/Colloque-ABSS-2002.jpg 288w, https://www.bourgogne-savante.fr/wp-content/uploads/2018/02/Colloque-ABSS-2002-96x150.jpg 96w, https://www.bourgogne-savante.fr/wp-content/uploads/2018/02/Colloque-ABSS-2002-193x300.jpg 193w" sizes="auto, (max-width: 288px) 85vw, 288px" /></figure><div class="wp-block-media-text__content">
<p style="font-family:Gadugi;font-size:18px;"><i>Permanences et ruptures dans le monde rural du Moyen Age à l&rsquo;époque contemporaine</i>, Actes du 12<sup>e</sup> colloque de l&rsquo;Association bourguignonne des sociétés savantes, Saint-Christophe-en-Brionnais (12-13 octobre 2002), Dijon, Association bourguignonne des sociétés savantes, Saint-Christophe-en-Brionnais, Centre international d&rsquo;études des patrimoines culturels en Charolais-Brionnais, 2004, 226&nbsp;p.</p>
</div></div>



<hr class="wp-block-separator has-text-color has-alpha-channel-opacity has-background is-style-wide" style="background-color:#660033;color:#660033"/>



<p style="font-family:Gadugi;margin-bottom:10px;">«&nbsp;Le douzième colloque de l&rsquo;ABSS&nbsp;», p.&nbsp;5-7.</p>
<p style="font-family:Gadugi;margin-bottom:10px;margin-top:0px;">DONTENWILL (Serge), «&nbsp;Le poids des structures traditionnelles et les signes de transformation dans les campagnes françaises à l&rsquo;époque moderne (XVII<sup>e</sup>-XVIII<sup>e</sup> siècles)&nbsp;», p.&nbsp;9-33.</p>
<p style="font-family:Gadugi;margin-bottom:10px;margin-top:0px;">VAN EECKHOUT (Gérard), «&nbsp;La mise en place des réseaux monastiques en Brionnais au Moyen Age&nbsp;», p.&nbsp;35-50.</p>
<p style="font-family:Gadugi;margin-bottom:10px;margin-top:0px;">MOUILLEBOUCHE (Hervé), «&nbsp;Permanences et ruptures dans le monde rural : l&rsquo;apport de la castellologie&nbsp;», p.&nbsp;51-66.</p>
<p style="font-family:Gadugi;margin-bottom:10px;margin-top:0px;">PEPKE-DURIX (Hannelore), «&nbsp;Les campagnes de la région dijonnaise dans la crise du Moyen Age finissant&nbsp;», p.&nbsp;67-90.</p>
<p style="font-family:Gadugi;margin-bottom:10px;margin-top:0px;">BABEY (Marcellin), «&nbsp;Influence du droit dans l&rsquo;architecture vernaculaire : l&rsquo;exemple des cheminées centrales du XV<sup>e</sup> au XVIII<sup>e</sup> siècle&nbsp;», p.&nbsp;91-98.</p>
<p style="font-family:Gadugi;margin-bottom:10px;margin-top:0px;">DELSALLE (Paul), «&nbsp;Granges et maisons paysannes dans le comté de Bourgogne ou « Franche-Comté » (1500-1634). De la structure monumentale à la structure sociale&nbsp;», p.&nbsp;99-124.</p>
<p style="font-family:Gadugi;margin-bottom:10px;margin-top:0px;">DURIX (Pierre), «&nbsp;La réussite des marchands-emboucheurs du Brionnais au XVIII<sup>e</sup> siècle&nbsp;», p.&nbsp;125-139.</p>
<p style="font-family:Gadugi;margin-bottom:10px;margin-top:0px;">BODINEAU (Pierre), «&nbsp;Les innovations dans l&rsquo;agriculture à la fin de l&rsquo;Ancien Régime. La place de la Bourgogne&nbsp;», p.&nbsp;141-154.</p>
<p style="font-family:Gadugi;margin-bottom:10px;margin-top:0px;">DUPONT (Jacques), «&nbsp;Le flottage des bois du Morvan à l&rsquo;époque révolutionnaire&nbsp;», p.&nbsp;155-166.</p>
<p style="font-family:Gadugi;margin-bottom:10px;margin-top:0px;">RICHARD (Hugues), «&nbsp;La situation de l&rsquo;élevage et de l&#8217;embouche d&rsquo;après les rapports du juge de paix du canton de Semur-en-Brionnais Claude Fricaud (1858-1864)&nbsp;», p.&nbsp;167-182.</p>
<p style="font-family:Gadugi;margin-bottom:10px;margin-top:0px;">GONOD (Philippe), «&nbsp;Les assurances mutuelles-bétail en Saône-et-Loire avant 1914&nbsp;», p.&nbsp;183-194.</p>
<p style="font-family:Gadugi;margin-bottom:10px;margin-top:0px;">BLETON-RUGET (Annie), «&nbsp;La politique des pays : permanences et ruptures dans les espaces ruraux. Le cas bourguignon&nbsp;», p.&nbsp;195-207.</p>
<p style="font-family:Gadugi;margin-bottom:10px;margin-top:0px;">Liste des communications non publiées, p.&nbsp;209.</p>
<p style="font-family:Gadugi;margin-bottom:10px;margin-top:0px;">MORICEAU (Jean-Marc), «&nbsp;En guise de conclusion : le changement dans la continuité ?&nbsp;», p.&nbsp;211-214.</p>
<p style="font-family:Gadugi;margin-top:0px;">Liste des communications de la section d&rsquo;histoire du droit et des institutions, p.&nbsp;215.</p>



<hr class="wp-block-separator has-text-color has-alpha-channel-opacity has-background is-style-wide" style="background-color:#660033;color:#660033"/>



<p style="font-family:Gadugi;margin-bottom:50px;">Volume disponible, 31.30&nbsp;€ (frais de port compris) &#8211; <a href="https://www.bourgogne-savante.fr/wp-content/uploads/ABSSbondecommande.pdf" target="_blank" rel="noopener noreferrer">Commander</a></p>



<div class="wp-block-buttons is-content-justification-center is-layout-flex wp-container-core-buttons-is-layout-16018d1d wp-block-buttons-is-layout-flex">
<div class="wp-block-button has-custom-font-size has-small-font-size"><a class="wp-block-button__link has-background wp-element-button" href="https://www.bourgogne-savante.fr/index.php/publications/tablesdesmatieresdesactes/colloque11/" style="background-color:#660033"><< Colloque précédent</a></div>



<div class="wp-block-button has-custom-font-size has-small-font-size"><a class="wp-block-button__link has-background wp-element-button" href="https://www.bourgogne-savante.fr/index.php/publications/tablesdesmatieresdesactes/" style="background-color:#660033">Retour à la liste des tables des matières</a></div>



<div class="wp-block-button has-custom-font-size has-small-font-size"><a class="wp-block-button__link has-background wp-element-button" href="https://www.bourgogne-savante.fr/index.php/publications/tablesdesmatieresdesactes/colloque13/" style="background-color:#660033">Colloque suivant >></a></div>
</div>

<p>Permanences et ruptures dans le monde rural du Moyen Age à l&rsquo;époque contemporaine, Actes du 12e colloque de l&rsquo;Association bourguignonne des sociétés savantes, Saint-Christophe-en-Brionnais (12-13 octobre 2002), Dijon, Association bourguignonne des sociétés savantes, Saint-Christophe-en-Brionnais, Centre international d&rsquo;études des patrimoines culturels en Charolais-Brionnais, 2004, 226&nbsp;p. «&nbsp;Le douzième colloque de l&rsquo;ABSS&nbsp;», p.&nbsp;5-7. DONTENWILL (Serge), «&nbsp;Le poids des &hellip; <a href="https://www.bourgogne-savante.fr/index.php/publications/tablesdesmatieresdesactes/colloque12/" class="more-link">Continuer la lecture<span class="screen-reader-text"> de &laquo;&nbsp;Actes du 12e colloque de l&rsquo;ABSS &#8211; Table des matières&nbsp;&raquo;</span></a></p>
