{"id":429,"date":"2018-02-25T14:48:39","date_gmt":"2018-02-25T13:48:39","guid":{"rendered":"http:\/\/www.bourgogne-savante.fr\/?page_id=429"},"modified":"2024-01-02T11:56:35","modified_gmt":"2024-01-02T10:56:35","slug":"colloque16","status":"publish","type":"page","link":"https:\/\/www.bourgogne-savante.fr\/index.php\/publications\/tablesdesmatieresdesactes\/colloque16\/","title":{"rendered":"Actes du 16e colloque de l&rsquo;ABSS &#8211; Table des mati\u00e8res"},"content":{"rendered":"\n<div class=\"wp-block-media-text alignwide is-stacked-on-mobile\" style=\"grid-template-columns:25% auto\"><figure class=\"wp-block-media-text__media\"><img loading=\"lazy\" decoding=\"async\" width=\"286\" height=\"448\" src=\"https:\/\/www.bourgogne-savante.fr\/wp-content\/uploads\/2018\/02\/Colloque-ABSS-2006.jpg\" alt=\"\" class=\"wp-image-278 size-full\" srcset=\"https:\/\/www.bourgogne-savante.fr\/wp-content\/uploads\/2018\/02\/Colloque-ABSS-2006.jpg 286w, https:\/\/www.bourgogne-savante.fr\/wp-content\/uploads\/2018\/02\/Colloque-ABSS-2006-96x150.jpg 96w, https:\/\/www.bourgogne-savante.fr\/wp-content\/uploads\/2018\/02\/Colloque-ABSS-2006-192x300.jpg 192w\" sizes=\"auto, (max-width: 286px) 85vw, 286px\" \/><\/figure><div class=\"wp-block-media-text__content\">\n<p style=\"font-family:Gadugi;font-size:18px;\"><i>Pays et territoires. Histoire et culture<\/i>, Actes du 16<sup>e<\/sup> colloque de l&rsquo;Association bourguignonne des soci\u00e9t\u00e9s savantes, Dijon, Association bourguignonne des soci\u00e9t\u00e9s savantes, Chaumont, Association des amis des Cahiers haut-marnais, 2008, 272&nbsp;p. (\u00ab&nbsp;Cahiers haut-marnais&nbsp;\u00bb, n<sup>o<\/sup>&nbsp;248-251).<\/p>\n<\/div><\/div>\n\n\n\n<hr class=\"wp-block-separator has-text-color has-alpha-channel-opacity has-background is-style-wide\" style=\"background-color:#660033;color:#660033\"\/>\n\n\n\n<p style=\"font-family:Gadugi;margin-bottom:10px;\">VIGNIER (Fran\u00e7oise), \u00ab&nbsp;Avant-propos&nbsp;\u00bb, p.&nbsp;3-5.<\/p>\n<p style=\"font-family:Gadugi;margin-bottom:10px;margin-top:0px;\">BABELON (Jean-Pierre), \u00ab&nbsp;Ouverture&nbsp;\u00bb, p.&nbsp;7-8.<\/p>\n<p style=\"font-family:Gadugi;margin-bottom:10px;margin-top:0px;\">MATUTANO (Edwin), \u00ab&nbsp;La Burgondie \u00e0 l\u2019entour du trait\u00e9 d\u2019Andelot&nbsp;\u00bb, p.&nbsp;9-24.<\/p>\n<p style=\"font-family:Gadugi;margin-bottom:10px;margin-top:0px;\">RAUWEL (Alain), \u00ab&nbsp;Identit\u00e9 de fronti\u00e8re ? Les confins des dioc\u00e8ses des Lingons, des Leuques et des S\u00e9quanes du VII<sup>e<\/sup> au XII<sup>e<\/sup> si\u00e8cle&nbsp;\u00bb, p.&nbsp;25-31.<\/p>\n<p style=\"font-family:Gadugi;margin-bottom:10px;margin-top:0px;\">JOURD\u2019HEUIL (Jean-Vincent), \u00ab&nbsp;Les fronti\u00e8res de l\u2019\u00e9v\u00each\u00e9 de Langres au XIII<sup>e<\/sup> si\u00e8cle&nbsp;\u00bb, p.&nbsp;32-62.<\/p>\n<p style=\"font-family:Gadugi;margin-bottom:10px;margin-top:0px;\">LAMBERT (S\u00e9bastien), \u00ab&nbsp;La politisation des campagnes : la commune du Plat-Pays de Saulieu (C\u00f4te d\u2019Or), 1789-1885&nbsp;\u00bb, p.&nbsp;63-76.<\/p>\n<p style=\"font-family:Gadugi;margin-bottom:10px;margin-top:0px;\">LUISIN (Pierre-Etienne), \u00ab&nbsp;Les Cahiers haut-marnais : soixante ans d\u2019\u00e9tudes sur le pays haut-marnais&nbsp;\u00bb, p.&nbsp;77-84.<\/p>\n<p style=\"font-family:Gadugi;margin-bottom:10px;margin-top:0px;\">PETRAZOLLER (Fran\u00e7ois), \u00ab&nbsp;Le pays de Morimond&nbsp;\u00bb, p.&nbsp;85-99.<\/p>\n<p style=\"font-family:Gadugi;margin-bottom:10px;margin-top:0px;\">DUCOURTIOUX (Jean-Claude), \u00ab&nbsp;Saint-Dizier ville de confins ou le r\u00f4le des confins dans l\u2019\u00e9volution de Saint-Dizier&nbsp;\u00bb, p.&nbsp;101-110.<\/p>\n<p style=\"font-family:Gadugi;margin-bottom:10px;margin-top:0px;\">BOUTHIER (Alain), \u00ab&nbsp;L\u2019\u00e9lection de La Charit\u00e9-sur-Loire : une anomalie administrative d&rsquo;Ancien R\u00e9gime&nbsp;\u00bb, p.&nbsp;111-125.<\/p>\n<p style=\"font-family:Gadugi;margin-bottom:10px;margin-top:0px;\">LATOURNERIE (Marie-Aim\u00e9e), \u00ab&nbsp;L\u2019apport de Vauban \u00e0 l\u2019histoire du Morvan&nbsp;\u00bb, p.&nbsp;127-140.<\/p>\n<p style=\"font-family:Gadugi;margin-bottom:10px;margin-top:0px;\">M\u00c9NAGER (Philippe), \u00ab&nbsp;Le r\u00f4le des crues de la Loire dans l\u2019identit\u00e9 digoinaise du XVIII<sup>e<\/sup> si\u00e8cle \u00e0 nos jours&nbsp;\u00bb, p.&nbsp;141-177.<\/p>\n<p style=\"font-family:Gadugi;margin-bottom:10px;margin-top:0px;\">BLETON-RUGET (Annie), \u00ab\u00a0Habitat rural et territoire : l\u2019exemple de la Bresse bourguignonne&nbsp;\u00bb, p.&nbsp;178-192.<\/p>\n<p style=\"font-family:Gadugi;margin-bottom:10px;margin-top:0px;\">PEPKE-DURIX (Hannelore), \u00ab&nbsp;Du territoire de recherches au d\u00e9veloppement territorial : le Charolais-Brionnais de 1989 \u00e0 2007&nbsp;\u00bb, p.&nbsp;193-209.<\/p>\n<p style=\"font-family:Gadugi;margin-bottom:10px;margin-top:0px;\">LAMARRE (Denis), \u00ab&nbsp;Nommer les pays en France&nbsp;\u00bb, p.&nbsp;211-217.<\/p>\n<p style=\"font-family:Gadugi;margin-bottom:10px;margin-top:0px;\">BARBIER (Madeleine), \u00ab&nbsp;La l\u00e9gislation foresti\u00e8re fran\u00e7aise face aux usages locaux aux XVII<sup>e<\/sup> et XVIII<sup>e<\/sup> si\u00e8cles en Alsace, Franche-Comt\u00e9 et Lorraine&nbsp;\u00bb, p.&nbsp;219-240.<\/p>\n<p style=\"font-family:Gadugi;margin-bottom:10px;margin-top:0px;\">EVRARD (S\u00e9bastien), \u00ab&nbsp;Droit et territoire. Un conflit en Bresse bourguignonne \u00e0 la fin de l\u2019Ancien R\u00e9gime&nbsp;\u00bb, p.&nbsp;241-267.<\/p>\n<p style=\"font-family:Gadugi;margin-top:0px;\">BABELON (Jean-Pierre), \u00ab&nbsp;Conclusions du colloque&nbsp;\u00bb, p.&nbsp;269-271.<\/p>\n\n\n\n<hr class=\"wp-block-separator has-text-color has-alpha-channel-opacity has-background is-style-wide\" style=\"background-color:#660033;color:#660033\"\/>\n\n\n\n<p style=\"font-family:Gadugi;margin-bottom:50px;\">Volume disponible, 34.30&nbsp;\u20ac (frais de port compris) &#8211; <a href=\"https:\/\/www.bourgogne-savante.fr\/wp-content\/uploads\/ABSSbondecommande.pdf\" target=\"_blank\" rel=\"noopener noreferrer\">Commander<\/a><\/p>\n\n\n\n<div class=\"wp-block-buttons is-content-justification-center is-layout-flex wp-container-core-buttons-is-layout-16018d1d wp-block-buttons-is-layout-flex\">\n<div class=\"wp-block-button has-custom-font-size has-small-font-size\"><a class=\"wp-block-button__link has-background wp-element-button\" href=\"https:\/\/www.bourgogne-savante.fr\/index.php\/publications\/tablesdesmatieresdesactes\/colloque15\/\" style=\"background-color:#660033\"><< Colloque pr\u00e9c\u00e9dent<\/a><\/div>\n\n\n\n<div class=\"wp-block-button has-custom-font-size has-small-font-size\"><a class=\"wp-block-button__link has-background wp-element-button\" href=\"https:\/\/www.bourgogne-savante.fr\/index.php\/publications\/tablesdesmatieresdesactes\/\" style=\"background-color:#660033\">Retour \u00e0 la liste des tables des mati\u00e8res<\/a><\/div>\n\n\n\n<div class=\"wp-block-button has-custom-font-size has-small-font-size\"><a class=\"wp-block-button__link has-background wp-element-button\" href=\"https:\/\/www.bourgogne-savante.fr\/index.php\/publications\/tablesdesmatieresdesactes\/colloque17\/\" style=\"background-color:#660033\">Colloque suivant >><\/a><\/div>\n<\/div>\n","protected":false},"excerpt":{"rendered":"<p>Pays et territoires. Histoire et culture, Actes du 16e colloque de l&rsquo;Association bourguignonne des soci\u00e9t\u00e9s savantes, Dijon, Association bourguignonne des soci\u00e9t\u00e9s savantes, Chaumont, Association des amis des Cahiers haut-marnais, 2008, 272&nbsp;p. (\u00ab&nbsp;Cahiers haut-marnais&nbsp;\u00bb, no&nbsp;248-251). VIGNIER (Fran\u00e7oise), \u00ab&nbsp;Avant-propos&nbsp;\u00bb, p.&nbsp;3-5. BABELON (Jean-Pierre), \u00ab&nbsp;Ouverture&nbsp;\u00bb, p.&nbsp;7-8. MATUTANO (Edwin), \u00ab&nbsp;La Burgondie \u00e0 l\u2019entour du trait\u00e9 d\u2019Andelot&nbsp;\u00bb, p.&nbsp;9-24. RAUWEL (Alain), \u00ab&nbsp;Identit\u00e9 &hellip; <a href=\"https:\/\/www.bourgogne-savante.fr\/index.php\/publications\/tablesdesmatieresdesactes\/colloque16\/\" class=\"more-link\">Continuer la lecture<span class=\"screen-reader-text\"> de &laquo;&nbsp;Actes du 16e colloque de l&rsquo;ABSS &#8211; Table des mati\u00e8res&nbsp;&raquo;<\/span><\/a><\/p>\n","protected":false},"author":1,"featured_media":0,"parent":219,"menu_order":0,"comment_status":"closed","ping_status":"closed","template":"","meta":{"footnotes":""},"class_list":["post-429","page","type-page","status-publish","hentry"],"_links":{"self":[{"href":"https:\/\/www.bourgogne-savante.fr\/index.php\/wp-json\/wp\/v2\/pages\/429","targetHints":{"allow":["GET"]}}],"collection":[{"href":"https:\/\/www.bourgogne-savante.fr\/index.php\/wp-json\/wp\/v2\/pages"}],"about":[{"href":"https:\/\/www.bourgogne-savante.fr\/index.php\/wp-json\/wp\/v2\/types\/page"}],"author":[{"embeddable":true,"href":"https:\/\/www.bourgogne-savante.fr\/index.php\/wp-json\/wp\/v2\/users\/1"}],"replies":[{"embeddable":true,"href":"https:\/\/www.bourgogne-savante.fr\/index.php\/wp-json\/wp\/v2\/comments?post=429"}],"version-history":[{"count":14,"href":"https:\/\/www.bourgogne-savante.fr\/index.php\/wp-json\/wp\/v2\/pages\/429\/revisions"}],"predecessor-version":[{"id":4481,"href":"https:\/\/www.bourgogne-savante.fr\/index.php\/wp-json\/wp\/v2\/pages\/429\/revisions\/4481"}],"up":[{"embeddable":true,"href":"https:\/\/www.bourgogne-savante.fr\/index.php\/wp-json\/wp\/v2\/pages\/219"}],"wp:attachment":[{"href":"https:\/\/www.bourgogne-savante.fr\/index.php\/wp-json\/wp\/v2\/media?parent=429"}],"curies":[{"name":"wp","href":"https:\/\/api.w.org\/{rel}","templated":true}]}}