{"id":44,"date":"2018-02-17T12:33:10","date_gmt":"2018-02-17T11:33:10","guid":{"rendered":"http:\/\/www.bourgogne-savante.fr\/?page_id=44"},"modified":"2026-03-08T13:46:40","modified_gmt":"2026-03-08T12:46:40","slug":"mentions-legales","status":"publish","type":"page","link":"https:\/\/www.bourgogne-savante.fr\/index.php\/mentions-legales\/","title":{"rendered":"Mentions l\u00e9gales"},"content":{"rendered":"\n<h5 class=\"wp-block-heading\" style=\"font-family:Gadugi;color:#660033;margin-bottom:10px;\">Nom du site<\/h5>\n\n\n\n<p style=\"font-family:Gadugi;\">Site Internet de l&rsquo;Association bourguignonne des soci\u00e9t\u00e9s savantes &#8211; <a href=\"https:\/\/www.bourgogne-savante.fr\">https:\/\/www.bourgogne-savante.fr<\/a><\/p>\n\n\n\n<h5 class=\"wp-block-heading\" style=\"font-family:Gadugi;color:#660033;margin-top:40px;margin-bottom:10px;\">\u00c9diteur<\/h5>\n\n\n\n<p style=\"font-family:Gadugi;\">Association bourguignonne des soci\u00e9t\u00e9s savantes<br>Forme juridique : association loi 1901<br>Si\u00e8ge : 1, rue Bossack, 21000 Dijon<br>Directeur de la publication : \u00c9tienne Couriol, pr\u00e9sident de l&rsquo;Association bourguignonne des soci\u00e9t\u00e9s savantes<br>Cr\u00e9ateur du site Internet : J\u00e9r\u00f4me Sirdey<br>Responsable \u00e9ditorial du site Internet : \u00c9tienne Couriol<\/p>\n\n\n\n<h5 class=\"wp-block-heading\" style=\"font-family:Gadugi;color:#660033;margin-top:40px;margin-bottom:10px;\">Responsabilit\u00e9<\/h5>\n\n\n\n<p style=\"font-family:Gadugi;\">Les informations publi\u00e9es sur ce site sont donn\u00e9es \u00e0 titre purement indicatif et peuvent \u00eatre modifi\u00e9es \u00e0 tout moment. L&rsquo;ABSS ne peut \u00eatre tenue responsable des dommages r\u00e9sultant de l&rsquo;utilisation des contenus de ce site et\/ou de l&rsquo;impossibilit\u00e9 de les utiliser.<\/p>\n\n\n\n<h5 class=\"wp-block-heading\" style=\"font-family:Gadugi;color:#660033;margin-top:40px;margin-bottom:10px;\">Informations erron\u00e9es<\/h5>\n\n\n\n<p style=\"font-family:Gadugi;\">Malgr\u00e9 le soin apport\u00e9 \u00e0 la r\u00e9alisation du site, celui-ci peut comporter des erreurs. Vous pouvez nous les signaler par voie \u00e9lectronique (<a href=\"mailto:abss@bourgogne-savante.fr\" target=\"_blank\" rel=\"noopener\">abss@bourgogne-savante.fr<\/a>) ou par voie postale :<br>Association bourguignonne des soci\u00e9t\u00e9s savantes<br>1, rue Bossack<br>21000 Dijon<\/p>\n\n\n\n<h5 class=\"wp-block-heading\" style=\"font-family:Gadugi;color:#660033;margin-top:40px;margin-bottom:10px;\">Pour citer ce site<\/h5>\n\n\n\n<p style=\"font-family:Gadugi;\">ASSOCIATION BOURGUIGNONNE DES SOCI\u00c9T\u00c9S SAVANTES. <i>Site de l&rsquo;Association bourguignonne des soci\u00e9t\u00e9s savantes<\/i>, [En ligne], <a href=\"https:\/\/www.bourgogne-savante.fr\">https:\/\/www.bourgogne-savante.fr<\/a> (Page consult\u00e9e le &#8230;).<\/p><p style=\"font-family:Gadugi;\">Pour citer une page du site : \u00ab Titre de la page \u00bb, dans ASSOCIATION BOURGUIGNONNE DES SOCI\u00c9T\u00c9S SAVANTES, <i>Site de l&rsquo;Association bourguignonne des soci\u00e9t\u00e9s savantes<\/i>, [En ligne], <a href=\"https:\/\/www.bourgogne-savante.fr\">https:\/\/www.bourgogne-savante.fr\/&#8230;<\/a> (Page consult\u00e9e le &#8230;).<\/p>\n\n\n\n<div style=\"height:15px\" aria-hidden=\"true\" class=\"wp-block-spacer\"><\/div>\n\n\n\n<figure class=\"wp-block-image size-full\"><img loading=\"lazy\" decoding=\"async\" width=\"1024\" height=\"252\" src=\"https:\/\/www.bourgogne-savante.fr\/wp-content\/uploads\/vignes-mod-2.jpg\" alt=\"Association bourguignonne des soci\u00e9t\u00e9s savantes\" class=\"wp-image-2936\" title=\"Association bourguignonne des soci\u00e9t\u00e9s savantes\" srcset=\"https:\/\/www.bourgogne-savante.fr\/wp-content\/uploads\/vignes-mod-2.jpg 1024w, https:\/\/www.bourgogne-savante.fr\/wp-content\/uploads\/vignes-mod-2-300x74.jpg 300w, https:\/\/www.bourgogne-savante.fr\/wp-content\/uploads\/vignes-mod-2-150x37.jpg 150w, https:\/\/www.bourgogne-savante.fr\/wp-content\/uploads\/vignes-mod-2-768x189.jpg 768w\" sizes=\"auto, (max-width: 709px) 85vw, (max-width: 909px) 67vw, (max-width: 1362px) 62vw, 840px\" \/><\/figure>\n","protected":false},"excerpt":{"rendered":"<p>Nom du site Site Internet de l&rsquo;Association bourguignonne des soci\u00e9t\u00e9s savantes &#8211; https:\/\/www.bourgogne-savante.fr \u00c9diteur Association bourguignonne des soci\u00e9t\u00e9s savantesForme juridique : association loi 1901Si\u00e8ge : 1, rue Bossack, 21000 DijonDirecteur de la publication : \u00c9tienne Couriol, pr\u00e9sident de l&rsquo;Association bourguignonne des soci\u00e9t\u00e9s savantesCr\u00e9ateur du site Internet : J\u00e9r\u00f4me SirdeyResponsable \u00e9ditorial du site Internet : \u00c9tienne &hellip; <a href=\"https:\/\/www.bourgogne-savante.fr\/index.php\/mentions-legales\/\" class=\"more-link\">Continuer la lecture<span class=\"screen-reader-text\"> de &laquo;&nbsp;Mentions l\u00e9gales&nbsp;&raquo;<\/span><\/a><\/p>\n","protected":false},"author":1,"featured_media":0,"parent":0,"menu_order":0,"comment_status":"closed","ping_status":"closed","template":"","meta":{"footnotes":""},"class_list":["post-44","page","type-page","status-publish","hentry"],"_links":{"self":[{"href":"https:\/\/www.bourgogne-savante.fr\/index.php\/wp-json\/wp\/v2\/pages\/44","targetHints":{"allow":["GET"]}}],"collection":[{"href":"https:\/\/www.bourgogne-savante.fr\/index.php\/wp-json\/wp\/v2\/pages"}],"about":[{"href":"https:\/\/www.bourgogne-savante.fr\/index.php\/wp-json\/wp\/v2\/types\/page"}],"author":[{"embeddable":true,"href":"https:\/\/www.bourgogne-savante.fr\/index.php\/wp-json\/wp\/v2\/users\/1"}],"replies":[{"embeddable":true,"href":"https:\/\/www.bourgogne-savante.fr\/index.php\/wp-json\/wp\/v2\/comments?post=44"}],"version-history":[{"count":23,"href":"https:\/\/www.bourgogne-savante.fr\/index.php\/wp-json\/wp\/v2\/pages\/44\/revisions"}],"predecessor-version":[{"id":6004,"href":"https:\/\/www.bourgogne-savante.fr\/index.php\/wp-json\/wp\/v2\/pages\/44\/revisions\/6004"}],"wp:attachment":[{"href":"https:\/\/www.bourgogne-savante.fr\/index.php\/wp-json\/wp\/v2\/media?parent=44"}],"curies":[{"name":"wp","href":"https:\/\/api.w.org\/{rel}","templated":true}]}}