{"id":5588,"date":"2025-11-08T12:57:38","date_gmt":"2025-11-08T11:57:38","guid":{"rendered":"https:\/\/www.bourgogne-savante.fr\/?page_id=5588"},"modified":"2025-11-09T10:29:22","modified_gmt":"2025-11-09T09:29:22","slug":"colloque33","status":"publish","type":"page","link":"https:\/\/www.bourgogne-savante.fr\/index.php\/publications\/tablesdesmatieresdesactes\/colloque33\/","title":{"rendered":"Actes du 33e colloque de l&rsquo;ABSS &#8211; Table des mati\u00e8res"},"content":{"rendered":"\n<div class=\"wp-block-media-text alignwide is-stacked-on-mobile\" style=\"grid-template-columns:25% auto\"><figure class=\"wp-block-media-text__media\"><img decoding=\"async\" src=\"https:\/\/www.bourgogne-savante.fr\/wp-content\/uploads\/Colloque-2024-couverture.jpg\" alt=\"\" class=\"wp-image-5000 size-full\"\/><\/figure><div class=\"wp-block-media-text__content\">\n<p style=\"font-family:Gadugi;font-size:18px;\"><i>La Bourgogne dans de beaux draps. Histoire du textile en Bourgogne, de la fibre au chiffon<\/i>, Actes du 33<sup>e<\/sup> colloque de l&rsquo;ABSS, Beaune, 19 et 20 octobre 2024, Dijon, Association bourguignonne des soci\u00e9t\u00e9s savantes, Beaune, Centre beaunois d&rsquo;\u00e9tudes historiques, 2025, 240&nbsp;p.\n<\/div><\/div>\n\n\n\n<hr class=\"wp-block-separator has-text-color has-alpha-channel-opacity has-background is-style-wide\" style=\"background-color:#660033;color:#660033\"\/>\n\n\n\n\n\n<p style=\"font-family:Gadugi;margin-bottom:10px;\">COURIOL (\u00c9tienne), \u00ab&nbsp;Ouverture du colloque&nbsp;\u00bb, p.&nbsp;7.<\/p>\n\n<p style=\"font-family:Gadugi;margin-bottom:10px;\">JARRIGE (Fran\u00e7ois), \u00ab&nbsp;Conf\u00e9rence inaugurale, La Bourgogne textile, Histoire d&rsquo;une industrie invisible ?&nbsp;\u00bb, p.&nbsp;13.<\/p>\n\n<p style=\"font-family:Gadugi;margin-bottom:10px;\">LOCHOT (\u00c9liane), \u00ab&nbsp;La filature de coton de Dijon (1763-1789)&nbsp;\u00bb, p.&nbsp;31.<\/p>\n\n<p style=\"font-family:Gadugi;margin-bottom:10px;\">BODINEAU (Pierre), \u00ab&nbsp;Les tentatives de relance de l&rsquo;industrie textile \u00e0 Dijon \u00e0 la fin de l&rsquo;Ancien R\u00e9gime&nbsp;\u00bb, p.&nbsp;47.<\/p>\n\n<p style=\"font-family:Gadugi;margin-bottom:10px;\">GUILHEM (Ferrand) et GARCIA (Jean-Pierre), \u00ab&nbsp;Les tissus du marchand et ceux de la maison \u00e0 Dijon \u00e0 la fin du Moyen \u00c2ge&nbsp;\u00bb, p.&nbsp;55.<\/p>\n\n<p style=\"font-family:Gadugi;margin-bottom:10px;\">ROY (Thomas), \u00ab&nbsp;Production et producteurs de drap et de toiles \u00e0 Dijon \u00e0 la fin du Moyen \u00c2ge : typologie, r\u00e9glementations et organisations du travail (fin XIV<sup>e<\/sup>-d\u00e9but XV<sup>e<\/sup> si\u00e8cle)&nbsp;\u00bb, p.&nbsp;69.<\/p>\n\n<p style=\"font-family:Gadugi;margin-bottom:10px;\">MEUNIER (\u00c9tienne), \u00ab&nbsp;La draperie urbaine s\u00e9nonaise et auxerroise&nbsp;\u00bb, p.&nbsp;91.<\/p>\n\n<p style=\"font-family:Gadugi;margin-bottom:10px;\">COMPAGNON (Mathias), \u00ab&nbsp;De la laine au vin, la disparition d&rsquo;une \u00e9conomie au tournant de la R\u00e9volution fran\u00e7aise&nbsp;\u00bb, p.&nbsp;119.<\/p>\n\n<p style=\"font-family:Gadugi;margin-bottom:10px;\">SYLLA (Jean-Pierre), \u00ab&nbsp;Le \u00ab\u00a0domestic system\u00a0\u00bb fid\u00e8le alli\u00e9 de l&rsquo;industrie textile lyonnaise au XIX<sup>e<\/sup> si\u00e8cle en Charolais, Brionnais et Haut-Beaujolais&nbsp;\u00bb, p.&nbsp;135.<\/p>\n\n<p style=\"font-family:Gadugi;margin-bottom:10px;\">HAIK (Annie), \u00ab&nbsp;Vivre dans le taffetas, le velours et les indiennes\u2026. la mode dans un h\u00f4tel particulier \u00e0 Dijon au XVIII<sup>e<\/sup> si\u00e8cle&nbsp;\u00bb, p.&nbsp;157.<\/p>\n\n<p style=\"font-family:Gadugi;margin-bottom:10px;\">MASSON-VIARDOT (\u00c9velyne), \u00ab&nbsp;Les dessous des atours des Du Ch\u00e2telet&nbsp;\u00bb, p.&nbsp;173.<\/p>\n\n<p style=\"font-family:Gadugi;margin-bottom:10px;\">MOUSNY (Christine), \u00ab&nbsp;Les chemises de corps d\u2019un grenier vigneron de l\u2019auxerrois : t\u00e9moins d\u2019une \u00e9conomie \u00e9cologique avant l\u2019heure&nbsp;\u00bb, p.&nbsp;193.<\/p>\n\n<p style=\"font-family:Gadugi;margin-bottom:10px;\">GRAS (Catherine), \u00ab&nbsp;Les fouilles de l\u2019arch\u00e9ologue dijonnais Albert Gayet \u00e0 Antinoopolis : momies et v\u00eatements de l\u2019\u00c9gypte hell\u00e9nistique&nbsp;\u00bb, p.&nbsp;211.<\/p>\n\n<p style=\"font-family:Gadugi;\">RICHOUX (Sylvie), \u00ab&nbsp;Les collections textile du mus\u00e9e de Ch\u00e2teau-Chinon&nbsp;\u00bb, p.&nbsp;225.<\/p>\n\n\n\n\n<hr class=\"wp-block-separator has-text-color has-alpha-channel-opacity has-background is-style-wide\" style=\"background-color:#660033;color:#660033\"\/>\n\n\n\n<p style=\"font-family:Gadugi;margin-bottom:50px;\">Volume disponible, 20&nbsp;\u20ac (27&nbsp;\u20ac si envoi postal) &#8211; <a href=\"https:\/\/www.bourgogne-savante.fr\/wp-content\/uploads\/ABSSbondecommande.pdf\" target=\"_blank\" rel=\"noopener noreferrer\">Commander<\/a><\/p>\n\n\n\n<div class=\"wp-block-buttons is-content-justification-center is-layout-flex wp-container-core-buttons-is-layout-16018d1d wp-block-buttons-is-layout-flex\">\n<div class=\"wp-block-button has-custom-font-size has-small-font-size\"><a class=\"wp-block-button__link has-background wp-element-button\" href=\"https:\/\/www.bourgogne-savante.fr\/index.php\/publications\/tablesdesmatieresdesactes\/colloque32\/\" style=\"background-color:#660033\">&lt;&lt; Colloque pr\u00e9c\u00e9dent<\/a><\/div>\n\n\n\n<div class=\"wp-block-button has-custom-font-size has-small-font-size\"><a class=\"wp-block-button__link has-background wp-element-button\" href=\"https:\/\/www.bourgogne-savante.fr\/index.php\/publications\/tablesdesmatieresdesactes\/\" style=\"background-color:#660033\">Retour \u00e0 la liste des tables des mati\u00e8res<\/a><\/div>\n\n\n\n<div class=\"wp-block-button has-custom-font-size has-small-font-size\"><a class=\"wp-block-button__link has-background wp-element-button\" href=\"https:\/\/www.bourgogne-savante.fr\/index.php\/publications\/tablesdesmatieresdesactes\/colloque34\/\" style=\"background-color:#660033\">Colloque suivant &gt;&gt;<\/a><\/div>\n<\/div>\n","protected":false},"excerpt":{"rendered":"<p>La Bourgogne dans de beaux draps. Histoire du textile en Bourgogne, de la fibre au chiffon, Actes du 33e colloque de l&rsquo;ABSS, Beaune, 19 et 20 octobre 2024, Dijon, Association bourguignonne des soci\u00e9t\u00e9s savantes, Beaune, Centre beaunois d&rsquo;\u00e9tudes historiques, 2025, 240&nbsp;p. COURIOL (\u00c9tienne), \u00ab&nbsp;Ouverture du colloque&nbsp;\u00bb, p.&nbsp;7. JARRIGE (Fran\u00e7ois), \u00ab&nbsp;Conf\u00e9rence inaugurale, La Bourgogne textile, Histoire &hellip; <a href=\"https:\/\/www.bourgogne-savante.fr\/index.php\/publications\/tablesdesmatieresdesactes\/colloque33\/\" class=\"more-link\">Continuer la lecture<span class=\"screen-reader-text\"> de &laquo;&nbsp;Actes du 33e colloque de l&rsquo;ABSS &#8211; Table des mati\u00e8res&nbsp;&raquo;<\/span><\/a><\/p>\n","protected":false},"author":1,"featured_media":0,"parent":219,"menu_order":0,"comment_status":"closed","ping_status":"closed","template":"","meta":{"footnotes":""},"class_list":["post-5588","page","type-page","status-publish","hentry"],"_links":{"self":[{"href":"https:\/\/www.bourgogne-savante.fr\/index.php\/wp-json\/wp\/v2\/pages\/5588","targetHints":{"allow":["GET"]}}],"collection":[{"href":"https:\/\/www.bourgogne-savante.fr\/index.php\/wp-json\/wp\/v2\/pages"}],"about":[{"href":"https:\/\/www.bourgogne-savante.fr\/index.php\/wp-json\/wp\/v2\/types\/page"}],"author":[{"embeddable":true,"href":"https:\/\/www.bourgogne-savante.fr\/index.php\/wp-json\/wp\/v2\/users\/1"}],"replies":[{"embeddable":true,"href":"https:\/\/www.bourgogne-savante.fr\/index.php\/wp-json\/wp\/v2\/comments?post=5588"}],"version-history":[{"count":6,"href":"https:\/\/www.bourgogne-savante.fr\/index.php\/wp-json\/wp\/v2\/pages\/5588\/revisions"}],"predecessor-version":[{"id":5620,"href":"https:\/\/www.bourgogne-savante.fr\/index.php\/wp-json\/wp\/v2\/pages\/5588\/revisions\/5620"}],"up":[{"embeddable":true,"href":"https:\/\/www.bourgogne-savante.fr\/index.php\/wp-json\/wp\/v2\/pages\/219"}],"wp:attachment":[{"href":"https:\/\/www.bourgogne-savante.fr\/index.php\/wp-json\/wp\/v2\/media?parent=5588"}],"curies":[{"name":"wp","href":"https:\/\/api.w.org\/{rel}","templated":true}]}}