{"id":7,"date":"2018-02-17T12:23:48","date_gmt":"2018-02-17T11:23:48","guid":{"rendered":"http:\/\/www.bourgogne-savante.fr\/?page_id=7"},"modified":"2026-02-13T21:14:16","modified_gmt":"2026-02-13T20:14:16","slug":"accueil","status":"publish","type":"page","link":"https:\/\/www.bourgogne-savante.fr\/","title":{"rendered":"Accueil"},"content":{"rendered":"\n<p style=\"font-family:Gadugi;font-size:18px;\">L\u2019Association bourguignonne des soci\u00e9t\u00e9s savantes (ABSS) est une f\u00e9d\u00e9ration d\u2019associations de recherche, orient\u00e9e vers l\u2019histoire, l\u2019arch\u00e9ologie, la g\u00e9ographie, les sciences, les arts et les lettres. Elle regroupe actuellement 57 soci\u00e9t\u00e9s r\u00e9parties sur les d\u00e9partements de la C\u00f4te-d\u2019Or, de la Ni\u00e8vre, de Sa\u00f4ne-et-Loire, de l\u2019Yonne, de la Haute-Marne et de l\u2019Ain.<br><a href=\"https:\/\/www.bourgogne-savante.fr\/index.php\/presentation\/\">En savoir plus<\/a><\/p>\n\n\n\n<hr class=\"wp-block-separator has-text-color has-alpha-channel-opacity has-background is-style-wide\" style=\"background-color:#660033;color:#660033; padding-top:2px;\"\/>\n\n\n\n<h2 class=\"wp-block-heading\" style=\"font-family:Gadugi;color:#660033;margin-top:30px;\">Colloques de l&rsquo;ABSS<\/h2>\n\n\n\n<div class=\"wp-block-columns is-layout-flex wp-container-core-columns-is-layout-9d6595d7 wp-block-columns-is-layout-flex\">\n<div class=\"wp-block-column is-layout-flow wp-block-column-is-layout-flow\">\n<p style=\"font-family:Gadugi;margin-bottom:0px;\">Le 35<sup>e<\/sup> colloque de l&rsquo;ABSS aura lieu du vendredi 16 au dimanche 18 octobre 2026, \u00e0 Montceau-les-Mines, sur le th\u00e8me <i>Enfance et \u00e9ducation en Bourgogne<\/i>. Il sera organis\u00e9 par la Physiophile.<br><a href=\"https:\/\/www.bourgogne-savante.fr\/index.php\/colloques\/\">Consulter l&rsquo;appel \u00e0 communication<\/a><\/p>\n<\/div>\n\n\n\n<div class=\"wp-block-column is-layout-flow wp-block-column-is-layout-flow\">\n<p style=\"font-family:Gadugi;margin-bottom:0px;\">Les actes du colloque de 2024 sur le th\u00e8me <i>La Bourgogne dans de beaux draps. Histoire du textile en Bourgogne, de la fibre au chiffon<\/i> ont \u00e9t\u00e9 publi\u00e9s. Ils sont \u00e9dit\u00e9s conjointement par le Centre beaunois d&rsquo;\u00e9tudes historiques et l&rsquo;ABSS.<br>Consulter la <a href=\"https:\/\/www.bourgogne-savante.fr\/index.php\/publications\/tablesdesmatieresdesactes\/colloque33\/\">table des mati\u00e8res<\/a><\/p>\n<\/div>\n<\/div>\n\n\n\n<div class=\"wp-block-columns is-layout-flex wp-container-core-columns-is-layout-9d6595d7 wp-block-columns-is-layout-flex\">\n<div class=\"wp-block-column is-layout-flow wp-block-column-is-layout-flow\">\n<figure class=\"wp-block-image size-full\"><a href=\"https:\/\/gallica.bnf.fr\/ark:\/12148\/btv1b71004542\/f1.item\" target=\"_blank\" rel=\"noreferrer noopener\"><img loading=\"lazy\" decoding=\"async\" width=\"990\" height=\"325\" src=\"https:\/\/www.bourgogne-savante.fr\/wp-content\/uploads\/Saone-et-Loire-1.jpg\" alt=\"1ere carte de la tourn\u00e9e militaire de Mr. le mqs de Paulmy representant le comencement &amp; la fin du voyage. 1752. 1 carte : manuscrit color\u00e9, 44 \u00d7 27 cm \/ Source gallica.bnf.fr \/ Biblioth\u00e8que nationale de France, Biblioth\u00e8que de l'Arsenal, MS-6436 (94 A) (d\u00e9tail)\" class=\"wp-image-3506\" title=\"1ere carte de la tourn\u00e9e militaire de Mr. le mqs de Paulmy representant le comencement &amp; la fin du voyage. 1752. 1 carte : manuscrit color\u00e9, 44 \u00d7 27 cm \/ Source gallica.bnf.fr \/ Biblioth\u00e8que nationale de France, Biblioth\u00e8que de l'Arsenal, MS-6436 (94 A) (d\u00e9tail)\" srcset=\"https:\/\/www.bourgogne-savante.fr\/wp-content\/uploads\/Saone-et-Loire-1.jpg 990w, https:\/\/www.bourgogne-savante.fr\/wp-content\/uploads\/Saone-et-Loire-1-300x98.jpg 300w, https:\/\/www.bourgogne-savante.fr\/wp-content\/uploads\/Saone-et-Loire-1-150x49.jpg 150w, https:\/\/www.bourgogne-savante.fr\/wp-content\/uploads\/Saone-et-Loire-1-768x252.jpg 768w\" sizes=\"auto, (max-width: 709px) 85vw, (max-width: 909px) 67vw, (max-width: 1362px) 62vw, 840px\" \/><\/a><\/figure>\n<\/div>\n\n\n\n<div class=\"wp-block-column is-layout-flow wp-block-column-is-layout-flow\">\n<figure class=\"wp-block-image size-full\"><a href=\"https:\/\/gallica.bnf.fr\/ark:\/12148\/btv1b71004542\/f1.item\" target=\"_blank\" rel=\"noreferrer noopener\"><img loading=\"lazy\" decoding=\"async\" width=\"990\" height=\"325\" src=\"https:\/\/www.bourgogne-savante.fr\/wp-content\/uploads\/Haute-Marne-1-1.jpg\" alt=\"1ere carte de la tourn\u00e9e militaire de Mr. le mqs de Paulmy representant le comencement &amp; la fin du voyage. 1752. 1 carte : manuscrit color\u00e9, 44 \u00d7 27 cm \/ Source gallica.bnf.fr \/ Biblioth\u00e8que nationale de France, Biblioth\u00e8que de l'Arsenal, MS-6436 (94 A) (d\u00e9tail)\" class=\"wp-image-3507\" title=\"1ere carte de la tourn\u00e9e militaire de Mr. le mqs de Paulmy representant le comencement &amp; la fin du voyage. 1752. 1 carte : manuscrit color\u00e9, 44 \u00d7 27 cm \/ Source gallica.bnf.fr \/ Biblioth\u00e8que nationale de France, Biblioth\u00e8que de l'Arsenal, MS-6436 (94 A) (d\u00e9tail)\" srcset=\"https:\/\/www.bourgogne-savante.fr\/wp-content\/uploads\/Haute-Marne-1-1.jpg 990w, https:\/\/www.bourgogne-savante.fr\/wp-content\/uploads\/Haute-Marne-1-1-300x98.jpg 300w, https:\/\/www.bourgogne-savante.fr\/wp-content\/uploads\/Haute-Marne-1-1-150x49.jpg 150w, https:\/\/www.bourgogne-savante.fr\/wp-content\/uploads\/Haute-Marne-1-1-768x252.jpg 768w\" sizes=\"auto, (max-width: 709px) 85vw, (max-width: 909px) 67vw, (max-width: 1362px) 62vw, 840px\" \/><\/a><\/figure>\n<\/div>\n<\/div>\n\n\n\n<hr class=\"wp-block-separator has-text-color has-alpha-channel-opacity has-background is-style-wide\" style=\"background-color:#660033;color:#660033;margin-top:-10px;\"\/>\n\n\n\n<h2 class=\"wp-block-heading\" style=\"font-family:Gadugi;color:#660033;margin-top:30px;\">Actualit\u00e9s des soci\u00e9t\u00e9s savantes<\/h2>\n\n\n\n<div class=\"wp-block-columns is-layout-flex wp-container-core-columns-is-layout-9d6595d7 wp-block-columns-is-layout-flex\">\n<div class=\"wp-block-column is-layout-flow wp-block-column-is-layout-flow\">\n<p style=\"font-family:Gadugi;margin-bottom:0px;\">La <i>Lettre de la Bourgogne savante<\/i> pr\u00e9sente les activit\u00e9s de l&rsquo;ABSS et des soci\u00e9t\u00e9s membres.<br>Nouveau ! Lire la <i>Lettre<\/i> de <a href=\"https:\/\/www.bourgogne-savante.fr\/index.php\/lettredelabourgognesavante\/\">janvier 2026<\/a><\/p>\n<\/div>\n\n\n\n<div class=\"wp-block-column is-layout-flow wp-block-column-is-layout-flow\">\n<p style=\"font-family:Gadugi;margin-bottom:0px;\">Consultez l&rsquo;<a href=\"https:\/\/www.bourgogne-savante.fr\/index.php\/agenda\/\">agenda des soci\u00e9t\u00e9s<\/a> et d\u00e9couvrez leurs prochains rendez-vous (colloques, conf\u00e9rences, expositions, remises de prix&#8230;)<\/p>\n<\/div>\n<\/div>\n\n\n\n<div class=\"wp-block-columns is-layout-flex wp-container-core-columns-is-layout-9d6595d7 wp-block-columns-is-layout-flex\">\n<div class=\"wp-block-column is-layout-flow wp-block-column-is-layout-flow\">\n<figure class=\"wp-block-image size-full\"><a href=\"https:\/\/gallica.bnf.fr\/ark:\/12148\/btv1b71004542\/f1.item\" target=\"_blank\" rel=\"noreferrer noopener\"><img loading=\"lazy\" decoding=\"async\" width=\"990\" height=\"325\" src=\"https:\/\/www.bourgogne-savante.fr\/wp-content\/uploads\/Nievre-1-1.jpg\" alt=\"1ere carte de la tourn\u00e9e militaire de Mr. le mqs de Paulmy representant le comencement &amp; la fin du voyage. 1752. 1 carte : manuscrit color\u00e9, 44 \u00d7 27 cm \/ Source gallica.bnf.fr \/ Biblioth\u00e8que nationale de France, Biblioth\u00e8que de l'Arsenal, MS-6436 (94 A) (d\u00e9tail)\" class=\"wp-image-3510\" title=\"1ere carte de la tourn\u00e9e militaire de Mr. le mqs de Paulmy representant le comencement &amp; la fin du voyage. 1752. 1 carte : manuscrit color\u00e9, 44 \u00d7 27 cm \/ Source gallica.bnf.fr \/ Biblioth\u00e8que nationale de France, Biblioth\u00e8que de l'Arsenal, MS-6436 (94 A) (d\u00e9tail)\" srcset=\"https:\/\/www.bourgogne-savante.fr\/wp-content\/uploads\/Nievre-1-1.jpg 990w, https:\/\/www.bourgogne-savante.fr\/wp-content\/uploads\/Nievre-1-1-300x98.jpg 300w, https:\/\/www.bourgogne-savante.fr\/wp-content\/uploads\/Nievre-1-1-150x49.jpg 150w, https:\/\/www.bourgogne-savante.fr\/wp-content\/uploads\/Nievre-1-1-768x252.jpg 768w\" sizes=\"auto, (max-width: 709px) 85vw, (max-width: 909px) 67vw, (max-width: 1362px) 62vw, 840px\" \/><\/a><\/figure>\n<\/div>\n\n\n\n<div class=\"wp-block-column is-layout-flow wp-block-column-is-layout-flow\">\n<figure class=\"wp-block-image size-full\"><a href=\"https:\/\/gallica.bnf.fr\/ark:\/12148\/btv1b71004542\/f1.item\" target=\"_blank\" rel=\"noreferrer noopener\"><img loading=\"lazy\" decoding=\"async\" width=\"990\" height=\"325\" src=\"https:\/\/www.bourgogne-savante.fr\/wp-content\/uploads\/Cote-dOr-1-1.jpg\" alt=\"1ere carte de la tourn\u00e9e militaire de Mr. le mqs de Paulmy representant le comencement &amp; la fin du voyage. 1752. 1 carte : manuscrit color\u00e9, 44 \u00d7 27 cm \/ Source gallica.bnf.fr \/ Biblioth\u00e8que nationale de France, Biblioth\u00e8que de l'Arsenal, MS-6436 (94 A) (d\u00e9tail)\" class=\"wp-image-3511\" title=\"1ere carte de la tourn\u00e9e militaire de Mr. le mqs de Paulmy representant le comencement &amp; la fin du voyage. 1752. 1 carte : manuscrit color\u00e9, 44 \u00d7 27 cm \/ Source gallica.bnf.fr \/ Biblioth\u00e8que nationale de France, Biblioth\u00e8que de l'Arsenal, MS-6436 (94 A) (d\u00e9tail)\" srcset=\"https:\/\/www.bourgogne-savante.fr\/wp-content\/uploads\/Cote-dOr-1-1.jpg 990w, https:\/\/www.bourgogne-savante.fr\/wp-content\/uploads\/Cote-dOr-1-1-300x98.jpg 300w, https:\/\/www.bourgogne-savante.fr\/wp-content\/uploads\/Cote-dOr-1-1-150x49.jpg 150w, https:\/\/www.bourgogne-savante.fr\/wp-content\/uploads\/Cote-dOr-1-1-768x252.jpg 768w\" sizes=\"auto, (max-width: 709px) 85vw, (max-width: 909px) 67vw, (max-width: 1362px) 62vw, 840px\" \/><\/a><\/figure>\n<\/div>\n<\/div>\n\n\n\n<hr class=\"wp-block-separator has-text-color has-alpha-channel-opacity has-background is-style-wide\" style=\"background-color:#660033;color:#660033;margin-top:-10px;\"\/>\n\n\n\n<h2 class=\"wp-block-heading\" style=\"font-family:Gadugi;color:#660033;margin-top:30px;\">Ressources en ligne<\/h2>\n\n\n\n<div class=\"wp-block-columns is-layout-flex wp-container-core-columns-is-layout-9d6595d7 wp-block-columns-is-layout-flex\">\n<div class=\"wp-block-column is-layout-flow wp-block-column-is-layout-flow\">\n<p style=\"font-family:Gadugi;margin-bottom:0px;\">De nombreuses publications des soci\u00e9t\u00e9s savantes de Bourgogne (revues, ouvrages) ont \u00e9t\u00e9 num\u00e9ris\u00e9es et sont consultables dans <a href=\"https:\/\/gallica.bnf.fr\/selections\/fr\/html\/revues-savantes-de-bourgogne-franche-comte\" target=\"_blank\" rel=\"noopener\">Gallica<\/a>.<\/p>\n<\/div>\n\n\n\n<div class=\"wp-block-column is-layout-flow wp-block-column-is-layout-flow\">\n<p style=\"font-family:Gadugi;margin-top:-20px;margin-bottom:0px;\">L&rsquo;ABSS vous propose une s\u00e9lection de liens pour vous orienter dans les multiples <a href=\"https:\/\/www.bourgogne-savante.fr\/index.php\/ressourcesenligne\/\">ressources en ligne<\/a> consacr\u00e9es \u00e0 l&rsquo;histoire, au territoire et au patrimoine bourguignons.<\/p>\n<\/div>\n<\/div>\n\n\n\n<div class=\"wp-block-columns is-layout-flex wp-container-core-columns-is-layout-9d6595d7 wp-block-columns-is-layout-flex\">\n<div class=\"wp-block-column is-layout-flow wp-block-column-is-layout-flow\">\n<figure class=\"wp-block-image size-full\"><a href=\"https:\/\/gallica.bnf.fr\/ark:\/12148\/btv1b71004542\/f1.item\" target=\"_blank\" rel=\"noreferrer noopener\"><img loading=\"lazy\" decoding=\"async\" width=\"990\" height=\"325\" src=\"https:\/\/www.bourgogne-savante.fr\/wp-content\/uploads\/Ain-1-1.jpg\" alt=\"1ere carte de la tourn\u00e9e militaire de Mr. le mqs de Paulmy representant le comencement &amp; la fin du voyage. 1752. 1 carte : manuscrit color\u00e9, 44 \u00d7 27 cm \/ Source gallica.bnf.fr \/ Biblioth\u00e8que nationale de France, Biblioth\u00e8que de l'Arsenal, MS-6436 (94 A) (d\u00e9tail)\" class=\"wp-image-3512\" title=\"1ere carte de la tourn\u00e9e militaire de Mr. le mqs de Paulmy representant le comencement &amp; la fin du voyage. 1752. 1 carte : manuscrit color\u00e9, 44 \u00d7 27 cm \/ Source gallica.bnf.fr \/ Biblioth\u00e8que nationale de France, Biblioth\u00e8que de l'Arsenal, MS-6436 (94 A) (d\u00e9tail)\" srcset=\"https:\/\/www.bourgogne-savante.fr\/wp-content\/uploads\/Ain-1-1.jpg 990w, https:\/\/www.bourgogne-savante.fr\/wp-content\/uploads\/Ain-1-1-300x98.jpg 300w, https:\/\/www.bourgogne-savante.fr\/wp-content\/uploads\/Ain-1-1-150x49.jpg 150w, https:\/\/www.bourgogne-savante.fr\/wp-content\/uploads\/Ain-1-1-768x252.jpg 768w\" sizes=\"auto, (max-width: 709px) 85vw, (max-width: 909px) 67vw, (max-width: 1362px) 62vw, 840px\" \/><\/a><\/figure>\n<\/div>\n\n\n\n<div class=\"wp-block-column is-layout-flow wp-block-column-is-layout-flow\">\n<figure class=\"wp-block-image size-full\"><a href=\"https:\/\/gallica.bnf.fr\/ark:\/12148\/btv1b71004542\/f1.item\" target=\"_blank\" rel=\"noreferrer noopener\"><img loading=\"lazy\" decoding=\"async\" width=\"990\" height=\"325\" src=\"https:\/\/www.bourgogne-savante.fr\/wp-content\/uploads\/Yonne-1-1.jpg\" alt=\"1ere carte de la tourn\u00e9e militaire de Mr. le mqs de Paulmy representant le comencement &amp; la fin du voyage. 1752. 1 carte : manuscrit color\u00e9, 44 \u00d7 27 cm \/ Source gallica.bnf.fr \/ Biblioth\u00e8que nationale de France, Biblioth\u00e8que de l'Arsenal, MS-6436 (94 A) (d\u00e9tail)\" class=\"wp-image-3513\" title=\"1ere carte de la tourn\u00e9e militaire de Mr. le mqs de Paulmy representant le comencement &amp; la fin du voyage. 1752. 1 carte : manuscrit color\u00e9, 44 \u00d7 27 cm \/ Source gallica.bnf.fr \/ Biblioth\u00e8que nationale de France, Biblioth\u00e8que de l'Arsenal, MS-6436 (94 A) (d\u00e9tail)\" srcset=\"https:\/\/www.bourgogne-savante.fr\/wp-content\/uploads\/Yonne-1-1.jpg 990w, https:\/\/www.bourgogne-savante.fr\/wp-content\/uploads\/Yonne-1-1-300x98.jpg 300w, https:\/\/www.bourgogne-savante.fr\/wp-content\/uploads\/Yonne-1-1-150x49.jpg 150w, https:\/\/www.bourgogne-savante.fr\/wp-content\/uploads\/Yonne-1-1-768x252.jpg 768w\" sizes=\"auto, (max-width: 709px) 85vw, (max-width: 909px) 67vw, (max-width: 1362px) 62vw, 840px\" \/><\/a><\/figure>\n<\/div>\n<\/div>\n\n\n\n<hr class=\"wp-block-separator has-text-color has-alpha-channel-opacity has-background is-style-wide\" style=\"background-color:#660033;color:#660033; padding-top:2px;margin-top:-10px;margin-bottom:50px;\"\/>\n\n\n\n<div class=\"wp-block-columns is-layout-flex wp-container-core-columns-is-layout-9d6595d7 wp-block-columns-is-layout-flex\">\n<div class=\"wp-block-column is-layout-flow wp-block-column-is-layout-flow\">\n<figure class=\"wp-block-image size-full\"><a href=\"http:\/\/patrimoine.bm-dijon.fr\/pleade\/ead.html?c=FR212316101-Images_dijonnaises_LEst_AR_I1#!{%22content%22:[%22FR212316101-Images_dijonnaises_LEst_AR_I1%22,false,%22%22]}\" target=\"_blank\" rel=\"noreferrer noopener\"><img loading=\"lazy\" decoding=\"async\" width=\"921\" height=\"921\" src=\"https:\/\/www.bourgogne-savante.fr\/wp-content\/uploads\/FR212316101__est_dij__Est_AR_I_0001__01-2-3.jpg\" alt=\"Deroy. Dijon - Vue du Parc. Paris : Morier, [18..]. Lithographie couleur, 19 \u00d7 12 cm \/ Biblioth\u00e8que municipale de Dijon, L Est. AR-I 1 (d\u00e9tail)\" class=\"wp-image-3515\" title=\"Deroy. Dijon - Vue du Parc. Paris : Morier, [18..]. Lithographie couleur, 19 \u00d7 12 cm \/ Biblioth\u00e8que municipale de Dijon, L Est. AR-I 1 (d\u00e9tail)\" srcset=\"https:\/\/www.bourgogne-savante.fr\/wp-content\/uploads\/FR212316101__est_dij__Est_AR_I_0001__01-2-3.jpg 921w, https:\/\/www.bourgogne-savante.fr\/wp-content\/uploads\/FR212316101__est_dij__Est_AR_I_0001__01-2-3-300x300.jpg 300w, https:\/\/www.bourgogne-savante.fr\/wp-content\/uploads\/FR212316101__est_dij__Est_AR_I_0001__01-2-3-150x150.jpg 150w, https:\/\/www.bourgogne-savante.fr\/wp-content\/uploads\/FR212316101__est_dij__Est_AR_I_0001__01-2-3-768x768.jpg 768w\" sizes=\"auto, (max-width: 709px) 85vw, (max-width: 909px) 67vw, (max-width: 1362px) 62vw, 840px\" \/><\/a><\/figure>\n<\/div>\n\n\n\n<div class=\"wp-block-column is-layout-flow wp-block-column-is-layout-flow\">\n<figure class=\"wp-block-image size-full\"><a href=\"https:\/\/gallica.bnf.fr\/ark:\/12148\/btv1b90530456?rk=107296;4\" target=\"_blank\" rel=\"noreferrer noopener\"><img loading=\"lazy\" decoding=\"async\" width=\"918\" height=\"918\" src=\"https:\/\/www.bourgogne-savante.fr\/wp-content\/uploads\/Colette_femme_ecrivain_portrait_-_.Agence_de_btv1b90530456_1-2-1.jpeg\" alt=\"Colette, femme \u00e9crivain (portrait). Paris : Agence de presse Mondial Photo-Presse, 1932. 1 photographie sur plaque de verre \/ Source gallica.bnf.fr \/ Biblioth\u00e8que nationale de France, d\u00e9partement des estampes et de la photographie, EI-13 (2946) (d\u00e9tail)\" class=\"wp-image-3516\" title=\"Colette, femme \u00e9crivain (portrait). Paris : Agence de presse Mondial Photo-Presse, 1932. 1 photographie sur plaque de verre \/ Source gallica.bnf.fr \/ Biblioth\u00e8que nationale de France, d\u00e9partement des estampes et de la photographie, EI-13 (2946) (d\u00e9tail)\" srcset=\"https:\/\/www.bourgogne-savante.fr\/wp-content\/uploads\/Colette_femme_ecrivain_portrait_-_.Agence_de_btv1b90530456_1-2-1.jpeg 918w, https:\/\/www.bourgogne-savante.fr\/wp-content\/uploads\/Colette_femme_ecrivain_portrait_-_.Agence_de_btv1b90530456_1-2-1-300x300.jpeg 300w, https:\/\/www.bourgogne-savante.fr\/wp-content\/uploads\/Colette_femme_ecrivain_portrait_-_.Agence_de_btv1b90530456_1-2-1-150x150.jpeg 150w, https:\/\/www.bourgogne-savante.fr\/wp-content\/uploads\/Colette_femme_ecrivain_portrait_-_.Agence_de_btv1b90530456_1-2-1-768x768.jpeg 768w\" sizes=\"auto, (max-width: 709px) 85vw, (max-width: 909px) 67vw, (max-width: 1362px) 62vw, 840px\" \/><\/a><\/figure>\n<\/div>\n\n\n\n<div class=\"wp-block-column is-layout-flow wp-block-column-is-layout-flow\">\n<figure class=\"wp-block-image size-full\"><a href=\"https:\/\/gallica.bnf.fr\/ark:\/12148\/btv1b7741698s?rk=236052;4%20;%20https:\/\/gallica.bnf.fr\/ark:\/12148\/btv1b6937449g\/f1.item\" target=\"_blank\" rel=\"noreferrer noopener\"><img loading=\"lazy\" decoding=\"async\" width=\"741\" height=\"741\" src=\"https:\/\/www.bourgogne-savante.fr\/wp-content\/uploads\/Nevers_Nievre_-_dessin___.Clerget_Hubert_btv1b7741698s_1-2-1.jpeg\" alt=\"Clerget, Hubert. Nevers (Ni\u00e8vre). [XIXe si\u00e8cle]. Dessin \u00e0 la mine de plomb, plume et lavis \u00e0 l'encre de Chine, 12,5 \u00d7 23,4 cm \/ Source gallica.bnf.fr \/ Biblioth\u00e8que nationale de France, d\u00e9partement des estampes et de la photographie, RESERVE VE-26 (M)-FOL (d\u00e9tail)\" class=\"wp-image-3517\" title=\"Clerget, Hubert. Nevers (Ni\u00e8vre). [XIXe si\u00e8cle]. Dessin \u00e0 la mine de plomb, plume et lavis \u00e0 l'encre de Chine, 12,5 \u00d7 23,4 cm \/ Source gallica.bnf.fr \/ Biblioth\u00e8que nationale de France, d\u00e9partement des estampes et de la photographie, RESERVE VE-26 (M)-FOL (d\u00e9tail)\" srcset=\"https:\/\/www.bourgogne-savante.fr\/wp-content\/uploads\/Nevers_Nievre_-_dessin___.Clerget_Hubert_btv1b7741698s_1-2-1.jpeg 741w, https:\/\/www.bourgogne-savante.fr\/wp-content\/uploads\/Nevers_Nievre_-_dessin___.Clerget_Hubert_btv1b7741698s_1-2-1-300x300.jpeg 300w, https:\/\/www.bourgogne-savante.fr\/wp-content\/uploads\/Nevers_Nievre_-_dessin___.Clerget_Hubert_btv1b7741698s_1-2-1-150x150.jpeg 150w\" sizes=\"auto, (max-width: 741px) 85vw, 741px\" \/><\/a><\/figure>\n<\/div>\n<\/div>\n\n\n\n<div class=\"wp-block-columns is-layout-flex wp-container-core-columns-is-layout-9d6595d7 wp-block-columns-is-layout-flex\">\n<div class=\"wp-block-column is-layout-flow wp-block-column-is-layout-flow\">\n<figure class=\"wp-block-image size-full\"><a href=\"https:\/\/gallica.bnf.fr\/ark:\/12148\/btv1b77426590?rk=407727;2\" target=\"_blank\" rel=\"noreferrer noopener\"><img loading=\"lazy\" decoding=\"async\" width=\"929\" height=\"929\" src=\"https:\/\/www.bourgogne-savante.fr\/wp-content\/uploads\/Interieur_de_leglise_de_Brou_.Daguerre_Louis-Jacques-Mande_btv1b77426590_1-2-3.jpeg\" alt=\"Daguerre, Louis-Jacques-Mand\u00e9. [Int\u00e9rieur de l'\u00e9glise de Brou]. [XIXe si\u00e8cle]. Dessin \u00e0 la plume et lavis \u00e0 l'encre brune, 27,6 \u00d7 34,6 cm \/ Source gallica.bnf.fr \/ Biblioth\u00e8que nationale de France, d\u00e9partement des estampes et de la photographie, RESERVE VE-26 (P)-FOL (d\u00e9tail)\" title=\"Daguerre, Louis-Jacques-Mand\u00e9. [Int\u00e9rieur de l'\u00e9glise de Brou]. [XIXe si\u00e8cle]. Dessin \u00e0 la plume et lavis \u00e0 l'encre brune, 27,6 \u00d7 34,6 cm \/ Source gallica.bnf.fr \/ Biblioth\u00e8que nationale de France, d\u00e9partement des estampes et de la photographie, RESERVE VE-26 (P)-FOL (d\u00e9tail)\" class=\"wp-image-3518\" style=\"margin-top:-15px;\" srcset=\"https:\/\/www.bourgogne-savante.fr\/wp-content\/uploads\/Interieur_de_leglise_de_Brou_.Daguerre_Louis-Jacques-Mande_btv1b77426590_1-2-3.jpeg 929w, https:\/\/www.bourgogne-savante.fr\/wp-content\/uploads\/Interieur_de_leglise_de_Brou_.Daguerre_Louis-Jacques-Mande_btv1b77426590_1-2-3-300x300.jpeg 300w, https:\/\/www.bourgogne-savante.fr\/wp-content\/uploads\/Interieur_de_leglise_de_Brou_.Daguerre_Louis-Jacques-Mande_btv1b77426590_1-2-3-150x150.jpeg 150w, https:\/\/www.bourgogne-savante.fr\/wp-content\/uploads\/Interieur_de_leglise_de_Brou_.Daguerre_Louis-Jacques-Mande_btv1b77426590_1-2-3-768x768.jpeg 768w\" sizes=\"auto, (max-width: 709px) 85vw, (max-width: 909px) 67vw, (max-width: 1362px) 62vw, 840px\" \/><\/a><\/figure>\n<\/div>\n\n\n\n<div class=\"wp-block-column is-layout-flow wp-block-column-is-layout-flow\">\n<figure class=\"wp-block-image size-full\"><a href=\"https:\/\/gallica.bnf.fr\/ark:\/12148\/btv1b69021299?rk=42918;4\" target=\"_blank\" rel=\"noreferrer noopener\"><img loading=\"lazy\" decoding=\"async\" width=\"837\" height=\"837\" src=\"https:\/\/www.bourgogne-savante.fr\/wp-content\/uploads\/Veue_de_la_ville_de_.Boudan_Louis_btv1b69021299_1-2-1.jpeg\" alt=\"Boudan, Louis. Ve\u00fce de la ville de Chaumont, en Bassigny. [1700?]. Aquarelle, 31,8 x 29,3 cm (f.), 28,3 x 25,6 cm (tr. c.) \/ Source gallica.bnf.fr \/ Biblioth\u00e8que nationale de France, d\u00e9partement des estampes et de la photographie, VA-52 (1)-FOL (d\u00e9tail)\" title=\"Boudan, Louis. Ve\u00fce de la ville de Chaumont, en Bassigny. [1700?]. Aquarelle, 31,8 x 29,3 cm (f.), 28,3 x 25,6 cm (tr. c.) \/ Source gallica.bnf.fr \/ Biblioth\u00e8que nationale de France, d\u00e9partement des estampes et de la photographie, VA-52 (1)-FOL (d\u00e9tail)\" class=\"wp-image-3519\" style=\"margin-top:-15px;\" srcset=\"https:\/\/www.bourgogne-savante.fr\/wp-content\/uploads\/Veue_de_la_ville_de_.Boudan_Louis_btv1b69021299_1-2-1.jpeg 837w, https:\/\/www.bourgogne-savante.fr\/wp-content\/uploads\/Veue_de_la_ville_de_.Boudan_Louis_btv1b69021299_1-2-1-300x300.jpeg 300w, https:\/\/www.bourgogne-savante.fr\/wp-content\/uploads\/Veue_de_la_ville_de_.Boudan_Louis_btv1b69021299_1-2-1-150x150.jpeg 150w, https:\/\/www.bourgogne-savante.fr\/wp-content\/uploads\/Veue_de_la_ville_de_.Boudan_Louis_btv1b69021299_1-2-1-768x768.jpeg 768w\" sizes=\"auto, (max-width: 837px) 85vw, 837px\" \/><\/a><\/figure>\n<\/div>\n\n\n\n<div class=\"wp-block-column is-layout-flow wp-block-column-is-layout-flow\">\n<figure class=\"wp-block-image size-full\"><a href=\"https:\/\/gallica.bnf.fr\/ark:\/12148\/btv1b8454321w?rk=214593;2\" target=\"_blank\" rel=\"noreferrer noopener\"><img loading=\"lazy\" decoding=\"async\" width=\"840\" height=\"840\" src=\"https:\/\/www.bourgogne-savante.fr\/wp-content\/uploads\/Lamartine_-_membre_du_gouvernement_.Alophe_1811-1883_btv1b8454321w_1-2-2.jpeg\" alt=\"Alophe. Lamartine : membre du gouvernement provisoire, ministre des affaires \u00e9trang\u00e8res. New-York : Goupil, Vibert &#038; C.ie ; Paris : Goupil, Vibert &#038; C.ie ; London : E. Gambart &#038; Co, [18??]. Lithographie, 37 \u00d7 27 cm \/ Source gallica.bnf.fr \/ Biblioth\u00e8que nationale de France, d\u00e9partement de la musique, EST MACNUTT 121 (d\u00e9tail)\" title=\"Alophe. Lamartine : membre du gouvernement provisoire, ministre des affaires \u00e9trang\u00e8res. New-York : Goupil, Vibert &#038; C.ie ; Paris : Goupil, Vibert &#038; C.ie ; London : E. Gambart &#038; Co, [18??]. Lithographie, 37 \u00d7 27 cm \/ Source gallica.bnf.fr \/ Biblioth\u00e8que nationale de France, d\u00e9partement de la musique, EST MACNUTT 121 (d\u00e9tail)\" class=\"wp-image-3520\" style=\"margin-top:-15px;\" srcset=\"https:\/\/www.bourgogne-savante.fr\/wp-content\/uploads\/Lamartine_-_membre_du_gouvernement_.Alophe_1811-1883_btv1b8454321w_1-2-2.jpeg 840w, https:\/\/www.bourgogne-savante.fr\/wp-content\/uploads\/Lamartine_-_membre_du_gouvernement_.Alophe_1811-1883_btv1b8454321w_1-2-2-300x300.jpeg 300w, https:\/\/www.bourgogne-savante.fr\/wp-content\/uploads\/Lamartine_-_membre_du_gouvernement_.Alophe_1811-1883_btv1b8454321w_1-2-2-150x150.jpeg 150w, https:\/\/www.bourgogne-savante.fr\/wp-content\/uploads\/Lamartine_-_membre_du_gouvernement_.Alophe_1811-1883_btv1b8454321w_1-2-2-768x768.jpeg 768w\" sizes=\"auto, (max-width: 709px) 85vw, (max-width: 909px) 67vw, (max-width: 1362px) 62vw, 840px\" \/><\/a><\/figure>\n<\/div>\n<\/div>\n\n\n\n<p><\/p>\n","protected":false},"excerpt":{"rendered":"<p>L\u2019Association bourguignonne des soci\u00e9t\u00e9s savantes (ABSS) est une f\u00e9d\u00e9ration d\u2019associations de recherche, orient\u00e9e vers l\u2019histoire, l\u2019arch\u00e9ologie, la g\u00e9ographie, les sciences, les arts et les lettres. Elle regroupe actuellement 57 soci\u00e9t\u00e9s r\u00e9parties sur les d\u00e9partements de la C\u00f4te-d\u2019Or, de la Ni\u00e8vre, de Sa\u00f4ne-et-Loire, de l\u2019Yonne, de la Haute-Marne et de l\u2019Ain.En savoir plus Colloques de l&rsquo;ABSS &hellip; <a href=\"https:\/\/www.bourgogne-savante.fr\/\" class=\"more-link\">Continuer la lecture<span class=\"screen-reader-text\"> de &laquo;&nbsp;Accueil&nbsp;&raquo;<\/span><\/a><\/p>\n","protected":false},"author":1,"featured_media":0,"parent":0,"menu_order":0,"comment_status":"closed","ping_status":"closed","template":"","meta":{"footnotes":""},"class_list":["post-7","page","type-page","status-publish","hentry"],"_links":{"self":[{"href":"https:\/\/www.bourgogne-savante.fr\/index.php\/wp-json\/wp\/v2\/pages\/7","targetHints":{"allow":["GET"]}}],"collection":[{"href":"https:\/\/www.bourgogne-savante.fr\/index.php\/wp-json\/wp\/v2\/pages"}],"about":[{"href":"https:\/\/www.bourgogne-savante.fr\/index.php\/wp-json\/wp\/v2\/types\/page"}],"author":[{"embeddable":true,"href":"https:\/\/www.bourgogne-savante.fr\/index.php\/wp-json\/wp\/v2\/users\/1"}],"replies":[{"embeddable":true,"href":"https:\/\/www.bourgogne-savante.fr\/index.php\/wp-json\/wp\/v2\/comments?post=7"}],"version-history":[{"count":177,"href":"https:\/\/www.bourgogne-savante.fr\/index.php\/wp-json\/wp\/v2\/pages\/7\/revisions"}],"predecessor-version":[{"id":5834,"href":"https:\/\/www.bourgogne-savante.fr\/index.php\/wp-json\/wp\/v2\/pages\/7\/revisions\/5834"}],"wp:attachment":[{"href":"https:\/\/www.bourgogne-savante.fr\/index.php\/wp-json\/wp\/v2\/media?parent=7"}],"curies":[{"name":"wp","href":"https:\/\/api.w.org\/{rel}","templated":true}]}}